{"id":1028,"date":"2023-09-14T18:31:32","date_gmt":"2023-09-14T16:31:32","guid":{"rendered":"https:\/\/naturoterrehappy.fr\/?page_id=1028"},"modified":"2026-01-05T15:32:39","modified_gmt":"2026-01-05T14:32:39","slug":"le-massage-assis-ou-massage-amma","status":"publish","type":"page","link":"https:\/\/naturoterrehappy.fr\/index.php\/le-massage-assis-ou-massage-amma\/","title":{"rendered":"LE MASSAGE ASSIS OU MASSAGE AMMA"},"content":{"rendered":"<div id=\"wp-socials\" style=\"margin-top:20px;margin-bottom:0px;\"><div id=\"wp-socials-general-btn\"><div id=\"wp-socials-plusone\">\r\n                <!-- Place this tag in your head or just before your close body tag. -->\r\n                <script src=\"https:\/\/apis.google.com\/js\/platform.js\" async defer>\r\n                  {lang: 'fr'}\r\n                <\/script>\r\n\r\n                <!-- Place this tag where you want the share button to render. -->\r\n                <div class=\"g-plus\" data-action=\"share\" data-annotation=\"inline\" data-height=\"58\" data-size=\"small\" data-href=\"https:\/\/naturoterrehappy.fr\/index.php\/le-massage-assis-ou-massage-amma\/\"><\/div><\/div><\/div><div style=\"clear:both\"><\/div><\/div><div class=\"wp-block-image\">\n<figure class=\"aligncenter size-large is-resized\"><img loading=\"lazy\" decoding=\"async\" width=\"784\" height=\"1024\" src=\"https:\/\/naturoterrehappy.fr\/wp-content\/uploads\/2023\/09\/massage-amma-1-1-784x1024.jpg\" alt=\"\" class=\"wp-image-963\" style=\"width:401px;height:523px\" srcset=\"https:\/\/naturoterrehappy.fr\/wp-content\/uploads\/2023\/09\/massage-amma-1-1-784x1024.jpg 784w, https:\/\/naturoterrehappy.fr\/wp-content\/uploads\/2023\/09\/massage-amma-1-1-230x300.jpg 230w, https:\/\/naturoterrehappy.fr\/wp-content\/uploads\/2023\/09\/massage-amma-1-1-768x1004.jpg 768w, https:\/\/naturoterrehappy.fr\/wp-content\/uploads\/2023\/09\/massage-amma-1-1-1175x1536.jpg 1175w, https:\/\/naturoterrehappy.fr\/wp-content\/uploads\/2023\/09\/massage-amma-1-1-1567x2048.jpg 1567w, https:\/\/naturoterrehappy.fr\/wp-content\/uploads\/2023\/09\/massage-amma-1-1.jpg 1844w\" sizes=\"(max-width: 767px) 89vw, (max-width: 1000px) 54vw, (max-width: 1071px) 543px, 580px\" \/><\/figure><\/div>\n\n\n<p>Les techniques du Amma, n\u00e9es il y a 4000 ans en Chine.<\/p>\n\n\n\n<p>Apporter en Occident, elles sont devenues \u2018\u2019SHIATSU\u2019\u2019. &nbsp;Ainsi, <strong>\u2018\u2019AMMA\u2019\u2019 est la racine de \u2018\u2019SHIATSU\u2019\u2019,<\/strong> la racine de toutes les techniques d&rsquo;acupression.<\/p>\n\n\n\n<p>Le concept de ces techniques est \u00e0 la fois de <strong>relaxer<\/strong> et de<strong> stimuler<\/strong> simultan\u00e9ment le client afin que celui-ci soit d\u00e9tendu durant la s\u00e9quence, mais aussi alerte apr\u00e8s celle-ci.<\/p>\n\n\n\n<p>Cette approche du massage assis se pr\u00e9sente sous forme d&rsquo;un \u2018\u2019kata\u2019\u2019, concept fondamental japonais.<\/p>\n\n\n\n<p><strong>Le \u2018\u2019kata\u2019\u2019 est compos\u00e9 environ de 23 techniques de massage japonais et procurent 400 stimulations, dont 170 sur les points d&rsquo;acupuncture<\/strong>.<\/p>\n\n\n\n<p>Ces techniques d\u2019acupression permet d\u2019<strong>augmenter et d\u2019am\u00e9liorer la circulation du \u2018\u2019KI\u2019\u2019 l&rsquo;\u00e9nergie vitale<\/strong>, cette force intelligente auto r\u00e9g\u00e9n\u00e9ratrice.<\/p>\n\n\n\n<p>Le massage se pr\u00e9sente sous la forme d&rsquo;une s\u00e9quence de mouvements pr\u00e9cis qui stimule les m\u00e9ridiens. On am\u00e9liore ainsi la circulation de l\u2019\u00e9nergie, on active ainsi l&rsquo;\u00e9limination des toxines, on pr\u00e9vient les maladies et on redonne de la vitalit\u00e9.<\/p>\n\n\n\n<h2 class=\"wp-block-heading has-text-align-center\"><strong><mark style=\"background-color:rgba(0, 0, 0, 0);color:#94a35e\" class=\"has-inline-color\">Ce massage est con\u00e7u de mani\u00e8re \u00e0 permettre un maximum d&rsquo;efficacit\u00e9 en un minimum de temps.<\/mark><\/strong><\/h2>\n\n\n\n<p>Ainsi, apr\u00e8s la s\u00e9ance, la personne est g\u00e9n\u00e9ralement plus l\u00e9g\u00e8re et plus disponible, pr\u00eate \u00e0 reprendre ces activit\u00e9s imm\u00e9diatement. La s\u00e9quence est con\u00e7ue pour apaiser, et aussi pour stimuler. Le massage commence donc avec une activit\u00e9 relaxante des points et s&rsquo;ach\u00e8ve avec une s\u00e9rie de percussions revitalisantes.<\/p>\n\n\n\n<p>Outre l&rsquo;aspect physique du bienfait du AMMA, il existe un <strong>r\u00e9el apport psychologique<\/strong>. Gr\u00e2ce au massage AMMA, les clients peuvent se reconnecter avec eux-m\u00eames et une v\u00e9ritable lib\u00e9ration \u00e9motionnelle s\u2019op\u00e8re.<\/p>\n\n\n\n<h2 class=\"wp-block-heading has-text-align-center\"><strong><mark style=\"background-color:rgba(0, 0, 0, 0);color:#94a35e\" class=\"has-inline-color\">Quels sont les bienfaits du massage assis\u00a0?<\/mark><\/strong><\/h2>\n\n\n\n<p>Les bienfaits du massage assis ont \u00e9t\u00e9 \u00e9prouv\u00e9s par les m\u00e9decines traditionnelles ancestrales orientales mais aussi par la m\u00e9decine moderne occidentale. <\/p>\n\n\n\n<p>Selon la m\u00e9decine traditionnelle chinoise et japonaise, les bienfaits du massage amma assis sont&nbsp;:<\/p>\n\n\n\n<ul>\n<li>La <strong>stimulation des m\u00e9ridiens d\u2019acupuncture<\/strong><\/li>\n\n\n\n<li>La <strong>lib\u00e9ration des n\u0153uds de tension<\/strong> qui bloque l\u2019\u00e9nergie<\/li>\n\n\n\n<li>Une meilleure circulation de l\u2019\u00e9nergie<\/li>\n\n\n\n<li>Une <strong>redynamisation<\/strong> du corps et de l\u2019esprit<\/li>\n\n\n\n<li>Un effet positif \u00e0 <strong>long terme<\/strong> sur la sant\u00e9 gr\u00e2ce \u00e0 la <strong>bonne circulation des \u00e9nergies<\/strong>.<\/li>\n<\/ul>\n\n\n\n<p>Selon la m\u00e9decine moderne et occidentale, les bienfaits du massage amma assis sont&nbsp;:<\/p>\n\n\n\n<ul>\n<li>L\u2019<strong>am\u00e9lioration de la circulation sanguine<\/strong> dans les muscles gr\u00e2ce \u00e0 leur stimulation.<\/li>\n\n\n\n<li>Une <strong>diminution des tensions musculaires<\/strong> gr\u00e2ce \u00e0 une meilleure circulation sanguine.<\/li>\n\n\n\n<li>Une <strong>redynamisation<\/strong> du corps et de l\u2019esprit gr\u00e2ce aux pressions qui tonifient les muscles et favorisent l\u2019afflux sanguin.<\/li>\n\n\n\n<li>Un sentiment de <strong>d\u00e9tente imm\u00e9diat<\/strong>, proche de celui obtenu apr\u00e8s un effort physique intense.<\/li>\n\n\n\n<li>Un effet positif <strong>\u00e0 long terme<\/strong> sur l\u2019\u00e9lasticit\u00e9 et la tonicit\u00e9 des muscles permettant de <strong>diminuer durablement les tensions musculaires en limitant leur r\u00e9apparition<\/strong>.<\/li>\n<\/ul>\n\n\n\n<h2 class=\"wp-block-heading has-text-align-center\"><strong><mark style=\"background-color:rgba(0, 0, 0, 0);color:#8d4065\" class=\"has-inline-color\">C\u2019est une vraie technique \u00e9nerg\u00e9tique psycho corporelle.<\/mark><\/strong><\/h2>\n\n\n\n<p>Le client est habill\u00e9, assis sur une chaise sp\u00e9cialement con\u00e7ue. Les s\u00e9ances peut durer entre 10 Min et 30 Min et peut donc \u00eatre effectu\u00e9 dans le cadre habituel du client (lieu de vie, lieu de travail, salon, entreprise\u2026)<\/p>\n\n\n\n<p>L&rsquo;intention de cette approche est de permet d\u2019aller \u00e0 la rencontre des clients et de le reconnecter \u00e0 son corps ces sensations, ces \u00e9motions, &nbsp;de le soulager et le redynamiser en un minimum de temps afin de revenir au plus vite \u00e0 ces occupations.<\/p>\n\n\n\n<p>Le massage assis n\u2019a pas d\u2019intention th\u00e9rapeutique et ne cherche pas \u00e0 r\u00e9gler une probl\u00e9matique de sant\u00e9 mais procure des effets de soulagement, de d\u00e9tente un regain d\u2019\u00e9nergie. <\/p>\n\n\n\n<h2 class=\"wp-block-heading has-text-align-center\"><strong><mark style=\"background-color:rgba(0, 0, 0, 0);color:#94a35e\" class=\"has-inline-color\">Quelles sont les contre-indications au massage amma assis\u00a0?<\/mark><\/strong><\/h2>\n\n\n\n<p>Les contre-indications \u00e0 la pratique du massage amma assis sont donc les m\u00eames que pour tous les autres massages.<\/p>\n\n\n\n<p><strong>l&rsquo;avis m\u00e9dical est n\u00e9cessaire<\/strong> pour:<\/p>\n\n\n\n<ul>\n<li>les troubles cardiaques<\/li>\n\n\n\n<li>les personnes \u00e9pil\u00e9ptiques<\/li>\n\n\n\n<li>le diab\u00e8te important difficile \u00e0 g\u00e9rer<\/li>\n\n\n\n<li>l&rsquo;ost\u00e9oporose<\/li>\n<\/ul>\n\n\n\n<p><strong>contre indication absolue<\/strong><\/p>\n\n\n\n<ul>\n<li>les femmes enceintes<\/li>\n<\/ul>\n\n\n\n<p><strong>restriction de massage <\/strong>dans les zones :<\/p>\n\n\n\n<ul>\n<li>Fractures<\/li>\n\n\n\n<li>Blessures cutan\u00e9es importantes (coupures, br\u00fblures, etc.)<\/li>\n\n\n\n<li>Maladies de la peau<\/li>\n\n\n\n<li>Chirurgie r\u00e9cente<\/li>\n\n\n\n<li>hernie discale, tendinite, luxation<\/li>\n\n\n\n<li>crise aigue arthrose ou arthrite<\/li>\n\n\n\n<li>Fi\u00e8vre<\/li>\n<\/ul>\n\n\n\n<p><\/p>\n\n\n\n<ul>\n<li><\/li>\n<\/ul>\n\n\n\n<p>Virginie<\/p>\n","protected":false},"excerpt":{"rendered":"<div id=\"wp-socials\" style=\"margin-top:20px;margin-bottom:0px;\"><div id=\"wp-socials-general-btn\"><div id=\"wp-socials-plusone\">\r\n                <!-- Place this tag in your head or just before your close body tag. -->\r\n                <script src=\"https:\/\/apis.google.com\/js\/platform.js\" async defer>\r\n                  {lang: 'fr'}\r\n                <\/script>\r\n\r\n                <!-- Place this tag where you want the share button to render. -->\r\n                <div class=\"g-plus\" data-action=\"share\" data-annotation=\"inline\" data-height=\"58\" data-size=\"small\" data-href=\"https:\/\/naturoterrehappy.fr\/index.php\/le-massage-assis-ou-massage-amma\/\"><\/div><\/div><\/div><div style=\"clear:both\"><\/div><\/div><p>Les techniques du Amma, n\u00e9es il y a 4000 ans en Chine. Apporter en Occident, elles sont devenues \u2018\u2019SHIATSU\u2019\u2019. &nbsp;Ainsi, \u2018\u2019AMMA\u2019\u2019 est la racine de \u2018\u2019SHIATSU\u2019\u2019, la racine de toutes les techniques d&rsquo;acupression. Le concept de ces techniques est \u00e0 la fois de relaxer et de stimuler simultan\u00e9ment le client afin que celui-ci soit d\u00e9tendu &hellip; <\/p>\n<p class=\"link-more\"><a href=\"https:\/\/naturoterrehappy.fr\/index.php\/le-massage-assis-ou-massage-amma\/\" class=\"more-link\">Continuer la lecture<span class=\"screen-reader-text\"> de &laquo;&nbsp;LE MASSAGE ASSIS OU MASSAGE AMMA&nbsp;&raquo;<\/span><\/a><\/p>\n","protected":false},"author":1,"featured_media":0,"parent":0,"menu_order":0,"comment_status":"closed","ping_status":"closed","template":"","meta":{"footnotes":""},"yoast_head":"<!-- This site is optimized with the Yoast SEO plugin v19.13 - https:\/\/yoast.com\/wordpress\/plugins\/seo\/ -->\n<title>LE MASSAGE ASSIS OU MASSAGE AMMA - Naturo Terre Happy<\/title>\n<meta name=\"robots\" content=\"index, follow, max-snippet:-1, max-image-preview:large, max-video-preview:-1\" \/>\n<link rel=\"canonical\" href=\"https:\/\/naturoterrehappy.fr\/index.php\/le-massage-assis-ou-massage-amma\/\" \/>\n<meta property=\"og:locale\" content=\"fr_FR\" \/>\n<meta property=\"og:type\" content=\"article\" \/>\n<meta property=\"og:title\" content=\"LE MASSAGE ASSIS OU MASSAGE AMMA - Naturo Terre Happy\" \/>\n<meta property=\"og:description\" content=\"Les techniques du Amma, n\u00e9es il y a 4000 ans en Chine. Apporter en Occident, elles sont devenues \u2018\u2019SHIATSU\u2019\u2019. &nbsp;Ainsi, \u2018\u2019AMMA\u2019\u2019 est la racine de \u2018\u2019SHIATSU\u2019\u2019, la racine de toutes les techniques d&rsquo;acupression. Le concept de ces techniques est \u00e0 la fois de relaxer et de stimuler simultan\u00e9ment le client afin que celui-ci soit d\u00e9tendu &hellip; Continuer la lecture de &laquo;&nbsp;LE MASSAGE ASSIS OU MASSAGE AMMA&nbsp;&raquo;\" \/>\n<meta property=\"og:url\" content=\"https:\/\/naturoterrehappy.fr\/index.php\/le-massage-assis-ou-massage-amma\/\" \/>\n<meta property=\"og:site_name\" content=\"Naturo Terre Happy\" \/>\n<meta property=\"article:publisher\" content=\"https:\/\/www.facebook.com\/virginie.verel\" \/>\n<meta property=\"article:modified_time\" content=\"2026-01-05T14:32:39+00:00\" \/>\n<meta property=\"og:image\" content=\"https:\/\/naturoterrehappy.fr\/wp-content\/uploads\/2023\/09\/massage-amma-1-1-784x1024.jpg\" \/>\n<meta name=\"twitter:card\" content=\"summary_large_image\" \/>\n<meta name=\"twitter:label1\" content=\"Dur\u00e9e de lecture estim\u00e9e\" \/>\n\t<meta name=\"twitter:data1\" content=\"4 minutes\" \/>\n<script type=\"application\/ld+json\" class=\"yoast-schema-graph\">{\"@context\":\"https:\/\/schema.org\",\"@graph\":[{\"@type\":\"WebPage\",\"@id\":\"https:\/\/naturoterrehappy.fr\/index.php\/le-massage-assis-ou-massage-amma\/\",\"url\":\"https:\/\/naturoterrehappy.fr\/index.php\/le-massage-assis-ou-massage-amma\/\",\"name\":\"LE MASSAGE ASSIS OU MASSAGE AMMA - Naturo Terre Happy\",\"isPartOf\":{\"@id\":\"https:\/\/naturoterrehappy.fr\/#website\"},\"datePublished\":\"2023-09-14T16:31:32+00:00\",\"dateModified\":\"2026-01-05T14:32:39+00:00\",\"breadcrumb\":{\"@id\":\"https:\/\/naturoterrehappy.fr\/index.php\/le-massage-assis-ou-massage-amma\/#breadcrumb\"},\"inLanguage\":\"fr-FR\",\"potentialAction\":[{\"@type\":\"ReadAction\",\"target\":[\"https:\/\/naturoterrehappy.fr\/index.php\/le-massage-assis-ou-massage-amma\/\"]}]},{\"@type\":\"BreadcrumbList\",\"@id\":\"https:\/\/naturoterrehappy.fr\/index.php\/le-massage-assis-ou-massage-amma\/#breadcrumb\",\"itemListElement\":[{\"@type\":\"ListItem\",\"position\":1,\"name\":\"Accueil\",\"item\":\"https:\/\/naturoterrehappy.fr\/\"},{\"@type\":\"ListItem\",\"position\":2,\"name\":\"LE MASSAGE ASSIS OU MASSAGE AMMA\"}]},{\"@type\":\"WebSite\",\"@id\":\"https:\/\/naturoterrehappy.fr\/#website\",\"url\":\"https:\/\/naturoterrehappy.fr\/\",\"name\":\"Naturo Terre Happy\",\"description\":\"Les cl\u00e9s de la sant\u00e9:  Respecter sa Nature profonde, Respecter la Nature gu\u00e9risseuse, Respecter le vivant et ces lois\",\"publisher\":{\"@id\":\"https:\/\/naturoterrehappy.fr\/#\/schema\/person\/8bf7540304db646eac9c6271483f14f5\"},\"potentialAction\":[{\"@type\":\"SearchAction\",\"target\":{\"@type\":\"EntryPoint\",\"urlTemplate\":\"https:\/\/naturoterrehappy.fr\/?s={search_term_string}\"},\"query-input\":\"required name=search_term_string\"}],\"inLanguage\":\"fr-FR\"},{\"@type\":[\"Person\",\"Organization\"],\"@id\":\"https:\/\/naturoterrehappy.fr\/#\/schema\/person\/8bf7540304db646eac9c6271483f14f5\",\"name\":\"admin8212\",\"image\":{\"@type\":\"ImageObject\",\"inLanguage\":\"fr-FR\",\"@id\":\"https:\/\/naturoterrehappy.fr\/#\/schema\/person\/image\/\",\"url\":\"https:\/\/secure.gravatar.com\/avatar\/8ea9e5229c1252336ff46e6df56d34ff?s=96&d=mm&r=g\",\"contentUrl\":\"https:\/\/secure.gravatar.com\/avatar\/8ea9e5229c1252336ff46e6df56d34ff?s=96&d=mm&r=g\",\"caption\":\"admin8212\"},\"logo\":{\"@id\":\"https:\/\/naturoterrehappy.fr\/#\/schema\/person\/image\/\"},\"sameAs\":[\"http:\/\/naturoterrehappy.fr\",\"https:\/\/www.facebook.com\/virginie.verel\",\"https:\/\/www.instagram.com\/virginieverel.naturoterrehappy\/\",\"https:\/\/www.linkedin.com\/in\/virginie-verel-a68254211\/\",\"https:\/\/www.pinterest.fr\/Naturoterrehappy\/\",\"https:\/\/www.youtube.com\/channel\/UC322SLWURYVRVehV1hT8ubw\"]}]}<\/script>\n<!-- \/ Yoast SEO plugin. -->","yoast_head_json":{"title":"LE MASSAGE ASSIS OU MASSAGE AMMA - Naturo Terre Happy","robots":{"index":"index","follow":"follow","max-snippet":"max-snippet:-1","max-image-preview":"max-image-preview:large","max-video-preview":"max-video-preview:-1"},"canonical":"https:\/\/naturoterrehappy.fr\/index.php\/le-massage-assis-ou-massage-amma\/","og_locale":"fr_FR","og_type":"article","og_title":"LE MASSAGE ASSIS OU MASSAGE AMMA - Naturo Terre Happy","og_description":"Les techniques du Amma, n\u00e9es il y a 4000 ans en Chine. Apporter en Occident, elles sont devenues \u2018\u2019SHIATSU\u2019\u2019. &nbsp;Ainsi, \u2018\u2019AMMA\u2019\u2019 est la racine de \u2018\u2019SHIATSU\u2019\u2019, la racine de toutes les techniques d&rsquo;acupression. Le concept de ces techniques est \u00e0 la fois de relaxer et de stimuler simultan\u00e9ment le client afin que celui-ci soit d\u00e9tendu &hellip; Continuer la lecture de &laquo;&nbsp;LE MASSAGE ASSIS OU MASSAGE AMMA&nbsp;&raquo;","og_url":"https:\/\/naturoterrehappy.fr\/index.php\/le-massage-assis-ou-massage-amma\/","og_site_name":"Naturo Terre Happy","article_publisher":"https:\/\/www.facebook.com\/virginie.verel","article_modified_time":"2026-01-05T14:32:39+00:00","og_image":[{"url":"https:\/\/naturoterrehappy.fr\/wp-content\/uploads\/2023\/09\/massage-amma-1-1-784x1024.jpg"}],"twitter_card":"summary_large_image","twitter_misc":{"Dur\u00e9e de lecture estim\u00e9e":"4 minutes"},"schema":{"@context":"https:\/\/schema.org","@graph":[{"@type":"WebPage","@id":"https:\/\/naturoterrehappy.fr\/index.php\/le-massage-assis-ou-massage-amma\/","url":"https:\/\/naturoterrehappy.fr\/index.php\/le-massage-assis-ou-massage-amma\/","name":"LE MASSAGE ASSIS OU MASSAGE AMMA - Naturo Terre Happy","isPartOf":{"@id":"https:\/\/naturoterrehappy.fr\/#website"},"datePublished":"2023-09-14T16:31:32+00:00","dateModified":"2026-01-05T14:32:39+00:00","breadcrumb":{"@id":"https:\/\/naturoterrehappy.fr\/index.php\/le-massage-assis-ou-massage-amma\/#breadcrumb"},"inLanguage":"fr-FR","potentialAction":[{"@type":"ReadAction","target":["https:\/\/naturoterrehappy.fr\/index.php\/le-massage-assis-ou-massage-amma\/"]}]},{"@type":"BreadcrumbList","@id":"https:\/\/naturoterrehappy.fr\/index.php\/le-massage-assis-ou-massage-amma\/#breadcrumb","itemListElement":[{"@type":"ListItem","position":1,"name":"Accueil","item":"https:\/\/naturoterrehappy.fr\/"},{"@type":"ListItem","position":2,"name":"LE MASSAGE ASSIS OU MASSAGE AMMA"}]},{"@type":"WebSite","@id":"https:\/\/naturoterrehappy.fr\/#website","url":"https:\/\/naturoterrehappy.fr\/","name":"Naturo Terre Happy","description":"Les cl\u00e9s de la sant\u00e9:  Respecter sa Nature profonde, Respecter la Nature gu\u00e9risseuse, Respecter le vivant et ces lois","publisher":{"@id":"https:\/\/naturoterrehappy.fr\/#\/schema\/person\/8bf7540304db646eac9c6271483f14f5"},"potentialAction":[{"@type":"SearchAction","target":{"@type":"EntryPoint","urlTemplate":"https:\/\/naturoterrehappy.fr\/?s={search_term_string}"},"query-input":"required name=search_term_string"}],"inLanguage":"fr-FR"},{"@type":["Person","Organization"],"@id":"https:\/\/naturoterrehappy.fr\/#\/schema\/person\/8bf7540304db646eac9c6271483f14f5","name":"admin8212","image":{"@type":"ImageObject","inLanguage":"fr-FR","@id":"https:\/\/naturoterrehappy.fr\/#\/schema\/person\/image\/","url":"https:\/\/secure.gravatar.com\/avatar\/8ea9e5229c1252336ff46e6df56d34ff?s=96&d=mm&r=g","contentUrl":"https:\/\/secure.gravatar.com\/avatar\/8ea9e5229c1252336ff46e6df56d34ff?s=96&d=mm&r=g","caption":"admin8212"},"logo":{"@id":"https:\/\/naturoterrehappy.fr\/#\/schema\/person\/image\/"},"sameAs":["http:\/\/naturoterrehappy.fr","https:\/\/www.facebook.com\/virginie.verel","https:\/\/www.instagram.com\/virginieverel.naturoterrehappy\/","https:\/\/www.linkedin.com\/in\/virginie-verel-a68254211\/","https:\/\/www.pinterest.fr\/Naturoterrehappy\/","https:\/\/www.youtube.com\/channel\/UC322SLWURYVRVehV1hT8ubw"]}]}},"_links":{"self":[{"href":"https:\/\/naturoterrehappy.fr\/index.php\/wp-json\/wp\/v2\/pages\/1028"}],"collection":[{"href":"https:\/\/naturoterrehappy.fr\/index.php\/wp-json\/wp\/v2\/pages"}],"about":[{"href":"https:\/\/naturoterrehappy.fr\/index.php\/wp-json\/wp\/v2\/types\/page"}],"author":[{"embeddable":true,"href":"https:\/\/naturoterrehappy.fr\/index.php\/wp-json\/wp\/v2\/users\/1"}],"replies":[{"embeddable":true,"href":"https:\/\/naturoterrehappy.fr\/index.php\/wp-json\/wp\/v2\/comments?post=1028"}],"version-history":[{"count":6,"href":"https:\/\/naturoterrehappy.fr\/index.php\/wp-json\/wp\/v2\/pages\/1028\/revisions"}],"predecessor-version":[{"id":1603,"href":"https:\/\/naturoterrehappy.fr\/index.php\/wp-json\/wp\/v2\/pages\/1028\/revisions\/1603"}],"wp:attachment":[{"href":"https:\/\/naturoterrehappy.fr\/index.php\/wp-json\/wp\/v2\/media?parent=1028"}],"curies":[{"name":"wp","href":"https:\/\/api.w.org\/{rel}","templated":true}]}}