{"id":1096,"date":"2023-09-18T11:27:34","date_gmt":"2023-09-18T09:27:34","guid":{"rendered":"https:\/\/naturoterrehappy.fr\/?page_id=1096"},"modified":"2025-12-19T13:44:16","modified_gmt":"2025-12-19T12:44:16","slug":"les-massages-amma-assis-en-entreprise","status":"publish","type":"page","link":"https:\/\/naturoterrehappy.fr\/index.php\/les-massages-amma-assis-en-entreprise\/","title":{"rendered":"LES MASSAGES  EN ENTREPRISE"},"content":{"rendered":"<div id=\"wp-socials\" style=\"margin-top:20px;margin-bottom:0px;\"><div id=\"wp-socials-general-btn\"><div id=\"wp-socials-plusone\">\r\n                <!-- Place this tag in your head or just before your close body tag. -->\r\n                <script src=\"https:\/\/apis.google.com\/js\/platform.js\" async defer>\r\n                  {lang: 'fr'}\r\n                <\/script>\r\n\r\n                <!-- Place this tag where you want the share button to render. -->\r\n                <div class=\"g-plus\" data-action=\"share\" data-annotation=\"inline\" data-height=\"58\" data-size=\"small\" data-href=\"https:\/\/naturoterrehappy.fr\/index.php\/les-massages-amma-assis-en-entreprise\/\"><\/div><\/div><\/div><div style=\"clear:both\"><\/div><\/div><div class=\"wp-block-image is-style-rounded\">\n<figure class=\"aligncenter size-large is-resized\"><img loading=\"lazy\" decoding=\"async\" width=\"784\" height=\"1024\" src=\"https:\/\/naturoterrehappy.fr\/wp-content\/uploads\/2023\/09\/massage-amma-1-1-784x1024.jpg\" alt=\"\" class=\"wp-image-963\" style=\"width:250px;height:326px\" srcset=\"https:\/\/naturoterrehappy.fr\/wp-content\/uploads\/2023\/09\/massage-amma-1-1-784x1024.jpg 784w, https:\/\/naturoterrehappy.fr\/wp-content\/uploads\/2023\/09\/massage-amma-1-1-230x300.jpg 230w, https:\/\/naturoterrehappy.fr\/wp-content\/uploads\/2023\/09\/massage-amma-1-1-768x1004.jpg 768w, https:\/\/naturoterrehappy.fr\/wp-content\/uploads\/2023\/09\/massage-amma-1-1-1175x1536.jpg 1175w, https:\/\/naturoterrehappy.fr\/wp-content\/uploads\/2023\/09\/massage-amma-1-1-1567x2048.jpg 1567w, https:\/\/naturoterrehappy.fr\/wp-content\/uploads\/2023\/09\/massage-amma-1-1.jpg 1844w\" sizes=\"(max-width: 767px) 89vw, (max-width: 1000px) 54vw, (max-width: 1071px) 543px, 580px\" \/><\/figure><\/div>\n\n\n<h2 class=\"wp-block-heading has-text-align-center\"><strong><mark style=\"background-color:rgba(0, 0, 0, 0);color:#8d4065\" class=\"has-inline-color\">OFFREZ UNE PAUSE BIEN-\u00caTRE \u00c0 VOS SALARI\u00c9S\u00a0 !<\/mark><\/strong><\/h2>\n\n\n\n<p>Les statistiques prouvent que <strong>le massage en entreprise favorise le bonheur et la sant\u00e9 au travail<\/strong>. <\/p>\n\n\n\n<p>Des salari\u00e9s qui se font masser sont moins enclins \u00e0 se mettre en arr\u00eat maladie, ils sont&nbsp;<strong>moins absents<\/strong>, ils&nbsp;<strong>travaillent plus efficacement<\/strong>, sont plus cr\u00e9atifs et peuvent&nbsp;<strong>rester concentr\u00e9s plus longtemps<\/strong>. <\/p>\n\n\n\n<p>L\u2019AMS a  sorti un article sur&nbsp;<strong><a href=\"https:\/\/www.academiedemassage.com\/blogue\/de-plus-plus-dentreprises-utilisent-massages-chaises-soins-preventifs\/\" target=\"_blank\" rel=\"noreferrer noopener\">les bienfaits<\/a>&nbsp;de cette technique<\/strong>. <\/p>\n\n\n\n<p>le massage AMMA ou assis est n\u00e9 en Chine. Anc\u00eatre du SHIATSU, il signifie<\/p>\n\n\n\n<p class=\"has-text-align-center\"><img loading=\"lazy\" decoding=\"async\" height=\"16\" width=\"16\" src=\"https:\/\/static.xx.fbcdn.net\/images\/emoji.php\/v9\/t1e\/1\/16\/1f33f.png\" alt=\"\ud83c\udf3f\">  <strong><mark style=\"background-color:rgba(0, 0, 0, 0);color:#8d4065\" class=\"has-inline-color\">\u00a0\u00bbCalmer par le toucher\u00a0\u00bb<\/mark><\/strong><\/p>\n\n\n\n<p>Le concept de ces techniques est \u00e0 la fois de&nbsp;<strong>relaxer<\/strong>&nbsp;et de<strong>&nbsp;stimuler<\/strong>&nbsp;simultan\u00e9ment la personne afin que celui-ci soit d\u00e9tendu durant la s\u00e9quence, mais aussi alerte apr\u00e8s celle-ci.<\/p>\n\n\n\n<p>Ces techniques d\u2019acupression permet d\u2019<strong>augmenter et d\u2019am\u00e9liorer la circulation du \u2018\u2019KI\u2019\u2019 l\u2019\u00e9nergie vitale<\/strong>, cette force intelligente auto r\u00e9g\u00e9n\u00e9ratrice.<\/p>\n\n\n\n<p>C&rsquo;est un <strong>encha\u00eenement pr\u00e9cis, technique, non m\u00e9dical et non th\u00e9rapeutique, compos\u00e9 de pression, de percussions et de balayage<\/strong> qui visent \u00e0 <strong>soulager les tensions<\/strong> et \u00e0 d\u00e9tendre le dos, les \u00e9paules, les bras, les mains, la t\u00eate, la nuque. Le AMMA est une <strong>technique habill\u00e9e de bien-\u00eatre, de relaxation, sans intention th\u00e9rapeutique<\/strong>. Il ne se substitue en aucun cas \u00e0 une kin\u00e9sith\u00e9rapie ou \u00e0 tout autre traitement. Le massage se pr\u00e9sente sous la forme d\u2019une s\u00e9quence de mouvements pr\u00e9cis qui stimule les m\u00e9ridiens.  Ainsi, la circulation de l\u2019\u00e9nergie, et la circulation sanguine sont am\u00e9lior\u00e9es et activ\u00e9es. L\u2019\u00e9limination des toxines, est facilit\u00e9e et on pr\u00e9vient les maladies et on redonne de la vitalit\u00e9.<\/p>\n\n\n\n<h2 class=\"wp-block-heading has-text-align-center\"><strong><mark style=\"background-color:rgba(0, 0, 0, 0);color:#8d4065\" class=\"has-inline-color\">Ce massage est con\u00e7u de mani\u00e8re \u00e0 permettre un maximum d\u2019efficacit\u00e9 en un minimum de temps.<\/mark><\/strong><\/h2>\n\n\n\n<p>Ainsi, apr\u00e8s la s\u00e9ance, la personne est g\u00e9n\u00e9ralement plus l\u00e9g\u00e8re et plus disponible, pr\u00eate \u00e0 reprendre ces activit\u00e9s imm\u00e9diatement. La s\u00e9quence est con\u00e7ue pour apaiser, et aussi pour stimuler. Le massage commence donc avec une activit\u00e9 relaxante des points et s\u2019ach\u00e8ve avec une s\u00e9rie de percussions revitalisantes.<\/p>\n\n\n\n<p>Outre l\u2019aspect physique du bienfait du AMMA, il existe un&nbsp;<strong>r\u00e9el apport psychologique<\/strong>. Gr\u00e2ce au massage AMMA, les clients peuvent se reconnecter avec eux-m\u00eames et une v\u00e9ritable lib\u00e9ration \u00e9motionnelle s\u2019op\u00e8re.<\/p>\n\n\n\n<h2 class=\"wp-block-heading has-text-align-center\"><img loading=\"lazy\" decoding=\"async\" height=\"16\" width=\"16\" src=\"https:\/\/static.xx.fbcdn.net\/images\/emoji.php\/v9\/t1e\/1\/16\/1f33f.png\" alt=\"\ud83c\udf3f\"> <strong><mark style=\"background-color:rgba(0, 0, 0, 0);color:#8d4065\" class=\"has-inline-color\">LES BENEFICES POUR VOS EQUIPES<\/mark><\/strong><\/h2>\n\n\n\n<ul>\n<li>r\u00e9duire les tensions musculaires et nerveuses, sensation de d\u00e9tente et de bien \u00eatre g\u00e9n\u00e9ral<\/li>\n\n\n\n<li>att\u00e9nue les facteurs de stress au travail<\/li>\n\n\n\n<li>augmente le tonus et la vitalit\u00e9, favorise la concentration<\/li>\n\n\n\n<li>simple efficace et rapide (10-20 minutes)<\/li>\n\n\n\n<li>une prestation propos\u00e9e directement sur le lieu de travail<\/li>\n\n\n\n<li>s&rsquo;adresse \u00e0 l&rsquo;ensemble de l&rsquo;\u00e9quipe (employ\u00e9s, cadres, dirigeants\u2026)<\/li>\n\n\n\n<li>se pratique habill\u00e9 afin de pr\u00e9server et respecter l&rsquo;intimit\u00e9 de chacun<\/li>\n<\/ul>\n\n\n\n<h2 class=\"wp-block-heading has-text-align-center\"><img loading=\"lazy\" decoding=\"async\" height=\"16\" width=\"16\" src=\"https:\/\/static.xx.fbcdn.net\/images\/emoji.php\/v9\/t1e\/1\/16\/1f33f.png\" alt=\"\ud83c\udf3f\"> <strong><mark style=\"background-color:rgba(0, 0, 0, 0);color:#8d4065\" class=\"has-inline-color\">LES BENEFICES POUR VOS EQUIPES<\/mark><\/strong><\/h2>\n\n\n\n<ul>\n<li>montrer votre engagement envers la sant\u00e9 et le bien \u00eatre de votre \u00e9quipe<\/li>\n\n\n\n<li>parfaitement adapt\u00e9 ai monde du travail et \u00e0 l&rsquo;entreprise <\/li>\n\n\n\n<li>s&rsquo;inscrit dans une d\u00e9marche de pr\u00e9vention des risques li\u00e9s au stress<\/li>\n\n\n\n<li>renforce la qualit\u00e9 de vie au travail, la motivation, l&rsquo;esprit d&rsquo;\u00e9quipe<\/li>\n\n\n\n<li>d&rsquo;inscrit dans une d\u00e9marche mutuellement gagnante et constructive<\/li>\n\n\n\n<li>am\u00e9liore la performance collective et valorise l&rsquo;image moderne de  votre entreprise<\/li>\n\n\n\n<li>permet de mettre en place une politique sociale innovante et d&rsquo;instaurer de mani\u00e8re durable le bien \u00eatre au travail.<\/li>\n<\/ul>\n\n\n\n<p><strong>+ le plus : les tarifs sont accessibles et adapt\u00e9s<\/strong><\/p>\n\n\n\n<p><strong> <\/strong><\/p>\n\n\n\n<div class=\"wp-block-media-text is-stacked-on-mobile\"><figure class=\"wp-block-media-text__media\"><img loading=\"lazy\" decoding=\"async\" width=\"640\" height=\"458\" src=\"https:\/\/naturoterrehappy.fr\/wp-content\/uploads\/2023\/09\/blogger-2838945_640.jpg\" alt=\"\" class=\"wp-image-1097 size-full\" srcset=\"https:\/\/naturoterrehappy.fr\/wp-content\/uploads\/2023\/09\/blogger-2838945_640.jpg 640w, https:\/\/naturoterrehappy.fr\/wp-content\/uploads\/2023\/09\/blogger-2838945_640-300x215.jpg 300w\" sizes=\"(max-width: 640px) 100vw, 640px\" \/><\/figure><div class=\"wp-block-media-text__content\">\n<p><strong>Les bienfaits sont multiples:<\/strong><\/p>\n\n\n\n<ul>\n<li>diminution de la pression et du stress<\/li>\n\n\n\n<li>r\u00e9ductions des tensions musculaires<\/li>\n\n\n\n<li>pr\u00e9vention de troubles musculo-squelettiques<\/li>\n\n\n\n<li>accroissement de la vitalit\u00e9<\/li>\n\n\n\n<li>meilleure concentration<\/li>\n<\/ul>\n\n\n\n<p><a href=\"https:\/\/naturoterrehappy.fr\/index.php\/le-massage-assis-ou-massage-amma\/\">les bienfaits en savoir plus <\/a><\/p>\n<\/div><\/div>\n\n\n\n<ul>\n<li><\/li>\n<\/ul>\n\n\n\n<div class=\"wp-block-media-text has-media-on-the-right is-stacked-on-mobile\"><div class=\"wp-block-media-text__content\">\n<p><strong>la mise en place<\/strong><\/p>\n\n\n\n<p>l&rsquo;objectif du massage assis est d&rsquo;<strong>am\u00e9liorer la relation du salari\u00e9 avec son travail pour son bien \u00eatre et pour son efficacit\u00e9<\/strong>. En cons\u00e9quence, sa mise en place doit  respecter le salari\u00e9, le travail et l&rsquo;environnement.<\/p>\n\n\n\n<ul>\n<li><strong>fr\u00e9quence<\/strong> : en pr\u00e9vention de  fois par semaine \u00e0 une fois par mois (\u00e0 d\u00e9finir)<\/li>\n\n\n\n<li><strong>lieu et \u00e9quipement<\/strong>: dans un espace d\u00e9di\u00e9 et calme d&rsquo;une superficie de 6m\u00b2 environ.<\/li>\n\n\n\n<li>je fournie le mat\u00e9riel n\u00e9cessaire<\/li>\n<\/ul>\n<\/div><figure class=\"wp-block-media-text__media\"><img loading=\"lazy\" decoding=\"async\" width=\"262\" height=\"253\" src=\"https:\/\/naturoterrehappy.fr\/wp-content\/uploads\/2023\/09\/amma-massage-somazen-1.jpg\" alt=\"\" class=\"wp-image-1098 size-full\"\/><\/figure><\/div>\n\n\n\n<p>Contacter moi <a href=\"mailto:virginie.verel@gmail.com\">virginie.verel@gmail.com<\/a> pour un devis gratuit<\/p>\n\n\n\n<p>Avec bienveillance<\/p>\n\n\n\n<p>Virginie<img loading=\"lazy\" decoding=\"async\" width=\"87\" height=\"80\" class=\"wp-image-1476\" style=\"width: 20px;\" src=\"https:\/\/naturoterrehappy.fr\/wp-content\/uploads\/2025\/12\/emoji-plume.jpg\" alt=\"\"><\/p>\n","protected":false},"excerpt":{"rendered":"<div id=\"wp-socials\" style=\"margin-top:20px;margin-bottom:0px;\"><div id=\"wp-socials-general-btn\"><div id=\"wp-socials-plusone\">\r\n                <!-- Place this tag in your head or just before your close body tag. -->\r\n                <script src=\"https:\/\/apis.google.com\/js\/platform.js\" async defer>\r\n                  {lang: 'fr'}\r\n                <\/script>\r\n\r\n                <!-- Place this tag where you want the share button to render. -->\r\n                <div class=\"g-plus\" data-action=\"share\" data-annotation=\"inline\" data-height=\"58\" data-size=\"small\" data-href=\"https:\/\/naturoterrehappy.fr\/index.php\/les-massages-amma-assis-en-entreprise\/\"><\/div><\/div><\/div><div style=\"clear:both\"><\/div><\/div><p>OFFREZ UNE PAUSE BIEN-\u00caTRE \u00c0 VOS SALARI\u00c9S\u00a0 ! Les statistiques prouvent que le massage en entreprise favorise le bonheur et la sant\u00e9 au travail. Des salari\u00e9s qui se font masser sont moins enclins \u00e0 se mettre en arr\u00eat maladie, ils sont&nbsp;moins absents, ils&nbsp;travaillent plus efficacement, sont plus cr\u00e9atifs et peuvent&nbsp;rester concentr\u00e9s plus longtemps. L\u2019AMS a &hellip; <\/p>\n<p class=\"link-more\"><a href=\"https:\/\/naturoterrehappy.fr\/index.php\/les-massages-amma-assis-en-entreprise\/\" class=\"more-link\">Continuer la lecture<span class=\"screen-reader-text\"> de &laquo;&nbsp;LES MASSAGES  EN ENTREPRISE&nbsp;&raquo;<\/span><\/a><\/p>\n","protected":false},"author":1,"featured_media":0,"parent":0,"menu_order":0,"comment_status":"closed","ping_status":"closed","template":"","meta":{"footnotes":""},"yoast_head":"<!-- This site is optimized with the Yoast SEO plugin v19.13 - https:\/\/yoast.com\/wordpress\/plugins\/seo\/ -->\n<title>LES MASSAGES EN ENTREPRISE - Naturo Terre Happy<\/title>\n<meta name=\"robots\" content=\"index, follow, max-snippet:-1, max-image-preview:large, max-video-preview:-1\" \/>\n<link rel=\"canonical\" href=\"https:\/\/naturoterrehappy.fr\/index.php\/les-massages-amma-assis-en-entreprise\/\" \/>\n<meta property=\"og:locale\" content=\"fr_FR\" \/>\n<meta property=\"og:type\" content=\"article\" \/>\n<meta property=\"og:title\" content=\"LES MASSAGES EN ENTREPRISE - Naturo Terre Happy\" \/>\n<meta property=\"og:description\" content=\"OFFREZ UNE PAUSE BIEN-\u00caTRE \u00c0 VOS SALARI\u00c9S\u00a0 ! Les statistiques prouvent que le massage en entreprise favorise le bonheur et la sant\u00e9 au travail. Des salari\u00e9s qui se font masser sont moins enclins \u00e0 se mettre en arr\u00eat maladie, ils sont&nbsp;moins absents, ils&nbsp;travaillent plus efficacement, sont plus cr\u00e9atifs et peuvent&nbsp;rester concentr\u00e9s plus longtemps. L\u2019AMS a &hellip; Continuer la lecture de &laquo;&nbsp;LES MASSAGES EN ENTREPRISE&nbsp;&raquo;\" \/>\n<meta property=\"og:url\" content=\"https:\/\/naturoterrehappy.fr\/index.php\/les-massages-amma-assis-en-entreprise\/\" \/>\n<meta property=\"og:site_name\" content=\"Naturo Terre Happy\" \/>\n<meta property=\"article:publisher\" content=\"https:\/\/www.facebook.com\/virginie.verel\" \/>\n<meta property=\"article:modified_time\" content=\"2025-12-19T12:44:16+00:00\" \/>\n<meta property=\"og:image\" content=\"https:\/\/naturoterrehappy.fr\/wp-content\/uploads\/2023\/09\/massage-amma-1-1-784x1024.jpg\" \/>\n<meta name=\"twitter:card\" content=\"summary_large_image\" \/>\n<meta name=\"twitter:label1\" content=\"Dur\u00e9e de lecture estim\u00e9e\" \/>\n\t<meta name=\"twitter:data1\" content=\"4 minutes\" \/>\n<script type=\"application\/ld+json\" class=\"yoast-schema-graph\">{\"@context\":\"https:\/\/schema.org\",\"@graph\":[{\"@type\":\"WebPage\",\"@id\":\"https:\/\/naturoterrehappy.fr\/index.php\/les-massages-amma-assis-en-entreprise\/\",\"url\":\"https:\/\/naturoterrehappy.fr\/index.php\/les-massages-amma-assis-en-entreprise\/\",\"name\":\"LES MASSAGES EN ENTREPRISE - Naturo Terre Happy\",\"isPartOf\":{\"@id\":\"https:\/\/naturoterrehappy.fr\/#website\"},\"datePublished\":\"2023-09-18T09:27:34+00:00\",\"dateModified\":\"2025-12-19T12:44:16+00:00\",\"breadcrumb\":{\"@id\":\"https:\/\/naturoterrehappy.fr\/index.php\/les-massages-amma-assis-en-entreprise\/#breadcrumb\"},\"inLanguage\":\"fr-FR\",\"potentialAction\":[{\"@type\":\"ReadAction\",\"target\":[\"https:\/\/naturoterrehappy.fr\/index.php\/les-massages-amma-assis-en-entreprise\/\"]}]},{\"@type\":\"BreadcrumbList\",\"@id\":\"https:\/\/naturoterrehappy.fr\/index.php\/les-massages-amma-assis-en-entreprise\/#breadcrumb\",\"itemListElement\":[{\"@type\":\"ListItem\",\"position\":1,\"name\":\"Accueil\",\"item\":\"https:\/\/naturoterrehappy.fr\/\"},{\"@type\":\"ListItem\",\"position\":2,\"name\":\"LES MASSAGES EN ENTREPRISE\"}]},{\"@type\":\"WebSite\",\"@id\":\"https:\/\/naturoterrehappy.fr\/#website\",\"url\":\"https:\/\/naturoterrehappy.fr\/\",\"name\":\"Naturo Terre Happy\",\"description\":\"Les cl\u00e9s de la sant\u00e9:  Respecter sa Nature profonde, Respecter la Nature gu\u00e9risseuse, Respecter le vivant et ces lois\",\"publisher\":{\"@id\":\"https:\/\/naturoterrehappy.fr\/#\/schema\/person\/8bf7540304db646eac9c6271483f14f5\"},\"potentialAction\":[{\"@type\":\"SearchAction\",\"target\":{\"@type\":\"EntryPoint\",\"urlTemplate\":\"https:\/\/naturoterrehappy.fr\/?s={search_term_string}\"},\"query-input\":\"required name=search_term_string\"}],\"inLanguage\":\"fr-FR\"},{\"@type\":[\"Person\",\"Organization\"],\"@id\":\"https:\/\/naturoterrehappy.fr\/#\/schema\/person\/8bf7540304db646eac9c6271483f14f5\",\"name\":\"admin8212\",\"image\":{\"@type\":\"ImageObject\",\"inLanguage\":\"fr-FR\",\"@id\":\"https:\/\/naturoterrehappy.fr\/#\/schema\/person\/image\/\",\"url\":\"https:\/\/secure.gravatar.com\/avatar\/8ea9e5229c1252336ff46e6df56d34ff?s=96&d=mm&r=g\",\"contentUrl\":\"https:\/\/secure.gravatar.com\/avatar\/8ea9e5229c1252336ff46e6df56d34ff?s=96&d=mm&r=g\",\"caption\":\"admin8212\"},\"logo\":{\"@id\":\"https:\/\/naturoterrehappy.fr\/#\/schema\/person\/image\/\"},\"sameAs\":[\"http:\/\/naturoterrehappy.fr\",\"https:\/\/www.facebook.com\/virginie.verel\",\"https:\/\/www.instagram.com\/virginieverel.naturoterrehappy\/\",\"https:\/\/www.linkedin.com\/in\/virginie-verel-a68254211\/\",\"https:\/\/www.pinterest.fr\/Naturoterrehappy\/\",\"https:\/\/www.youtube.com\/channel\/UC322SLWURYVRVehV1hT8ubw\"]}]}<\/script>\n<!-- \/ Yoast SEO plugin. -->","yoast_head_json":{"title":"LES MASSAGES EN ENTREPRISE - Naturo Terre Happy","robots":{"index":"index","follow":"follow","max-snippet":"max-snippet:-1","max-image-preview":"max-image-preview:large","max-video-preview":"max-video-preview:-1"},"canonical":"https:\/\/naturoterrehappy.fr\/index.php\/les-massages-amma-assis-en-entreprise\/","og_locale":"fr_FR","og_type":"article","og_title":"LES MASSAGES EN ENTREPRISE - Naturo Terre Happy","og_description":"OFFREZ UNE PAUSE BIEN-\u00caTRE \u00c0 VOS SALARI\u00c9S\u00a0 ! Les statistiques prouvent que le massage en entreprise favorise le bonheur et la sant\u00e9 au travail. Des salari\u00e9s qui se font masser sont moins enclins \u00e0 se mettre en arr\u00eat maladie, ils sont&nbsp;moins absents, ils&nbsp;travaillent plus efficacement, sont plus cr\u00e9atifs et peuvent&nbsp;rester concentr\u00e9s plus longtemps. L\u2019AMS a &hellip; Continuer la lecture de &laquo;&nbsp;LES MASSAGES EN ENTREPRISE&nbsp;&raquo;","og_url":"https:\/\/naturoterrehappy.fr\/index.php\/les-massages-amma-assis-en-entreprise\/","og_site_name":"Naturo Terre Happy","article_publisher":"https:\/\/www.facebook.com\/virginie.verel","article_modified_time":"2025-12-19T12:44:16+00:00","og_image":[{"url":"https:\/\/naturoterrehappy.fr\/wp-content\/uploads\/2023\/09\/massage-amma-1-1-784x1024.jpg"}],"twitter_card":"summary_large_image","twitter_misc":{"Dur\u00e9e de lecture estim\u00e9e":"4 minutes"},"schema":{"@context":"https:\/\/schema.org","@graph":[{"@type":"WebPage","@id":"https:\/\/naturoterrehappy.fr\/index.php\/les-massages-amma-assis-en-entreprise\/","url":"https:\/\/naturoterrehappy.fr\/index.php\/les-massages-amma-assis-en-entreprise\/","name":"LES MASSAGES EN ENTREPRISE - Naturo Terre Happy","isPartOf":{"@id":"https:\/\/naturoterrehappy.fr\/#website"},"datePublished":"2023-09-18T09:27:34+00:00","dateModified":"2025-12-19T12:44:16+00:00","breadcrumb":{"@id":"https:\/\/naturoterrehappy.fr\/index.php\/les-massages-amma-assis-en-entreprise\/#breadcrumb"},"inLanguage":"fr-FR","potentialAction":[{"@type":"ReadAction","target":["https:\/\/naturoterrehappy.fr\/index.php\/les-massages-amma-assis-en-entreprise\/"]}]},{"@type":"BreadcrumbList","@id":"https:\/\/naturoterrehappy.fr\/index.php\/les-massages-amma-assis-en-entreprise\/#breadcrumb","itemListElement":[{"@type":"ListItem","position":1,"name":"Accueil","item":"https:\/\/naturoterrehappy.fr\/"},{"@type":"ListItem","position":2,"name":"LES MASSAGES EN ENTREPRISE"}]},{"@type":"WebSite","@id":"https:\/\/naturoterrehappy.fr\/#website","url":"https:\/\/naturoterrehappy.fr\/","name":"Naturo Terre Happy","description":"Les cl\u00e9s de la sant\u00e9:  Respecter sa Nature profonde, Respecter la Nature gu\u00e9risseuse, Respecter le vivant et ces lois","publisher":{"@id":"https:\/\/naturoterrehappy.fr\/#\/schema\/person\/8bf7540304db646eac9c6271483f14f5"},"potentialAction":[{"@type":"SearchAction","target":{"@type":"EntryPoint","urlTemplate":"https:\/\/naturoterrehappy.fr\/?s={search_term_string}"},"query-input":"required name=search_term_string"}],"inLanguage":"fr-FR"},{"@type":["Person","Organization"],"@id":"https:\/\/naturoterrehappy.fr\/#\/schema\/person\/8bf7540304db646eac9c6271483f14f5","name":"admin8212","image":{"@type":"ImageObject","inLanguage":"fr-FR","@id":"https:\/\/naturoterrehappy.fr\/#\/schema\/person\/image\/","url":"https:\/\/secure.gravatar.com\/avatar\/8ea9e5229c1252336ff46e6df56d34ff?s=96&d=mm&r=g","contentUrl":"https:\/\/secure.gravatar.com\/avatar\/8ea9e5229c1252336ff46e6df56d34ff?s=96&d=mm&r=g","caption":"admin8212"},"logo":{"@id":"https:\/\/naturoterrehappy.fr\/#\/schema\/person\/image\/"},"sameAs":["http:\/\/naturoterrehappy.fr","https:\/\/www.facebook.com\/virginie.verel","https:\/\/www.instagram.com\/virginieverel.naturoterrehappy\/","https:\/\/www.linkedin.com\/in\/virginie-verel-a68254211\/","https:\/\/www.pinterest.fr\/Naturoterrehappy\/","https:\/\/www.youtube.com\/channel\/UC322SLWURYVRVehV1hT8ubw"]}]}},"_links":{"self":[{"href":"https:\/\/naturoterrehappy.fr\/index.php\/wp-json\/wp\/v2\/pages\/1096"}],"collection":[{"href":"https:\/\/naturoterrehappy.fr\/index.php\/wp-json\/wp\/v2\/pages"}],"about":[{"href":"https:\/\/naturoterrehappy.fr\/index.php\/wp-json\/wp\/v2\/types\/page"}],"author":[{"embeddable":true,"href":"https:\/\/naturoterrehappy.fr\/index.php\/wp-json\/wp\/v2\/users\/1"}],"replies":[{"embeddable":true,"href":"https:\/\/naturoterrehappy.fr\/index.php\/wp-json\/wp\/v2\/comments?post=1096"}],"version-history":[{"count":5,"href":"https:\/\/naturoterrehappy.fr\/index.php\/wp-json\/wp\/v2\/pages\/1096\/revisions"}],"predecessor-version":[{"id":1580,"href":"https:\/\/naturoterrehappy.fr\/index.php\/wp-json\/wp\/v2\/pages\/1096\/revisions\/1580"}],"wp:attachment":[{"href":"https:\/\/naturoterrehappy.fr\/index.php\/wp-json\/wp\/v2\/media?parent=1096"}],"curies":[{"name":"wp","href":"https:\/\/api.w.org\/{rel}","templated":true}]}}