{"id":1211,"date":"2024-01-08T18:05:50","date_gmt":"2024-01-08T17:05:50","guid":{"rendered":"https:\/\/naturoterrehappy.fr\/?page_id=1211"},"modified":"2026-01-05T15:59:58","modified_gmt":"2026-01-05T14:59:58","slug":"la-naturopathie-au-sein-de-lentreprise","status":"publish","type":"page","link":"https:\/\/naturoterrehappy.fr\/index.php\/la-naturopathie-au-sein-de-lentreprise\/","title":{"rendered":"La naturopathie au sein de l&rsquo;entreprise"},"content":{"rendered":"<div id=\"wp-socials\" style=\"margin-top:20px;margin-bottom:0px;\"><div id=\"wp-socials-general-btn\"><div id=\"wp-socials-plusone\">\r\n                <!-- Place this tag in your head or just before your close body tag. -->\r\n                <script src=\"https:\/\/apis.google.com\/js\/platform.js\" async defer>\r\n                  {lang: 'fr'}\r\n                <\/script>\r\n\r\n                <!-- Place this tag where you want the share button to render. -->\r\n                <div class=\"g-plus\" data-action=\"share\" data-annotation=\"inline\" data-height=\"58\" data-size=\"small\" data-href=\"https:\/\/naturoterrehappy.fr\/index.php\/la-naturopathie-au-sein-de-lentreprise\/\"><\/div><\/div><\/div><div style=\"clear:both\"><\/div><\/div>\n<figure class=\"wp-block-image size-large\"><img loading=\"lazy\" decoding=\"async\" width=\"1024\" height=\"472\" src=\"https:\/\/naturoterrehappy.fr\/wp-content\/uploads\/2024\/01\/atelier-aromatherapie-comcom-falaise-du-talou--1024x472.jpg\" alt=\"\" class=\"wp-image-1212\" srcset=\"https:\/\/naturoterrehappy.fr\/wp-content\/uploads\/2024\/01\/atelier-aromatherapie-comcom-falaise-du-talou--1024x472.jpg 1024w, https:\/\/naturoterrehappy.fr\/wp-content\/uploads\/2024\/01\/atelier-aromatherapie-comcom-falaise-du-talou--300x138.jpg 300w, https:\/\/naturoterrehappy.fr\/wp-content\/uploads\/2024\/01\/atelier-aromatherapie-comcom-falaise-du-talou--768x354.jpg 768w, https:\/\/naturoterrehappy.fr\/wp-content\/uploads\/2024\/01\/atelier-aromatherapie-comcom-falaise-du-talou--1536x708.jpg 1536w, https:\/\/naturoterrehappy.fr\/wp-content\/uploads\/2024\/01\/atelier-aromatherapie-comcom-falaise-du-talou--2048x944.jpg 2048w\" sizes=\"(max-width: 767px) 89vw, (max-width: 1000px) 54vw, (max-width: 1071px) 543px, 580px\" \/><\/figure>\n\n\n\n<p> <span style=\"font-size:12.0pt;font-family:&quot;Arial&quot;,sans-serif\">La demande grandissante de solutions pour plus de bien-\u00eatre au travail ouvre les portes de la naturopathie au sein des entreprises.<\/span>  <span style=\"font-size:12.0pt;font-family:&quot;Arial&quot;,sans-serif\">Int\u00e9grer la naturopathie dans l&rsquo;environnement professionnel, c&rsquo;est prendre conscience que certains comportements et habitudes du quotidien peuvent am\u00e9liorer le mieux-\u00eatre global ainsi la qualit\u00e9 de vie au travail.<\/span> <p class=\"MsoNormal\" style=\"margin-bottom:0cm;line-height:normal\"><span style=\"font-size:12.0pt;font-family:&quot;Arial&quot;,sans-serif\">\u00a0<\/span><\/p> <span style=\"font-size:12.0pt;font-family:&quot;Arial&quot;,sans-serif\">La naturopathie en entreprise vise \u00e0\u00a0<\/span><strong style=\"box-sizing: border-box\"><span style=\"font-size:12.0pt;font-family:&quot;Arial&quot;,sans-serif;mso-fareast-font-family:\n&quot;Times New Roman&quot;;mso-fareast-theme-font:major-fareast\">prendre en compte l\u2019humain et<\/span><\/strong><strong><span style=\"font-size:12.0pt;font-family:&quot;Arial&quot;,sans-serif\"> le bien \u00eatre du collaborateur dans son ensemble en adoptant une approche pr\u00e9ventive.<\/span><\/strong><span style=\"font-size:12.0pt;font-family:&quot;Arial&quot;,sans-serif\">\u00a0<\/span> <p class=\"MsoNormal\" style=\"margin-bottom:0cm;line-height:normal\"><span style=\"font-size:12.0pt;font-family:&quot;Arial&quot;,sans-serif\">\u00a0<\/span><\/p> <span style=\"font-size:12.0pt;font-family:&quot;Arial&quot;,sans-serif\">A long terme, la mise en place d\u2019ateliers permettra de r\u00e9duire l\u2019absent\u00e9isme et d\u2019am\u00e9liorer la QVT durablement.<\/span>  <span style=\"font-size:12.0pt;font-family:&quot;Arial&quot;,sans-serif\">\u00a0<\/span> <\/p>\n\n\n\n<p><span style=\"font-size:12.0pt;font-family:&quot;Arial&quot;,sans-serif\">Les interventions du naturopathe en entreprise peut prendre diff\u00e9rente forme&nbsp;pour apprendre \u00e0 retrouver toute sa sant\u00e9 et sa vitalit\u00e9 au naturel.<\/span> <\/p>\n\n\n\n<p>\ud83c\udf3f<span style=\"font-size: 12pt;\"><strong style=\"font-family: Arial, sans-serif;\">S\u00e9ances individuelles d&rsquo;accompagnement<\/strong><\/span><span style=\"font-size:\n12.0pt;font-family:&quot;Arial&quot;,sans-serif;mso-fareast-font-family:&quot;Times New Roman&quot;;\nmso-font-kerning:0pt;mso-ligatures:none;mso-fareast-language:FR\"> en hygi\u00e8ne de vie globale<\/span><span style=\"font-size:12.0pt;font-family:&quot;Arial&quot;,sans-serif\"><\/span> <\/p>\n\n\n\n<div class=\"wp-block-group is-layout-constrained wp-block-group-is-layout-constrained\"><div class=\"wp-block-group__inner-container\">\n<div class=\"wp-block-columns is-layout-flex wp-container-core-columns-layout-1 wp-block-columns-is-layout-flex\">\n<div class=\"wp-block-column is-layout-flow wp-block-column-is-layout-flow\" style=\"flex-basis:100%\">\n<div class=\"wp-block-media-text is-stacked-on-mobile\" style=\"grid-template-columns:24% auto\"><figure class=\"wp-block-media-text__media\"><img loading=\"lazy\" decoding=\"async\" width=\"768\" height=\"1024\" src=\"https:\/\/naturoterrehappy.fr\/wp-content\/uploads\/2021\/09\/241125872_2954428204831943_6402716457161581960_n-768x1024.jpg\" alt=\"\" class=\"wp-image-335 size-full\" srcset=\"https:\/\/naturoterrehappy.fr\/wp-content\/uploads\/2021\/09\/241125872_2954428204831943_6402716457161581960_n-768x1024.jpg 768w, https:\/\/naturoterrehappy.fr\/wp-content\/uploads\/2021\/09\/241125872_2954428204831943_6402716457161581960_n-225x300.jpg 225w, https:\/\/naturoterrehappy.fr\/wp-content\/uploads\/2021\/09\/241125872_2954428204831943_6402716457161581960_n-1152x1536.jpg 1152w, https:\/\/naturoterrehappy.fr\/wp-content\/uploads\/2021\/09\/241125872_2954428204831943_6402716457161581960_n.jpg 1511w\" sizes=\"(max-width: 767px) 89vw, (max-width: 1000px) 54vw, (max-width: 1071px) 543px, 580px\" \/><\/figure><div class=\"wp-block-media-text__content\">\n<p>\ud83c\udf3f<span style=\"font-size: 12pt;\"><strong style=\"font-family: Arial, sans-serif;\">S\u00e9ances individuelles d&rsquo;accompagnement<\/strong><\/span><span style=\"font-size:\n12.0pt;font-family:&quot;Arial&quot;,sans-serif;mso-fareast-font-family:&quot;Times New Roman&quot;;\nmso-font-kerning:0pt;mso-ligatures:none;mso-fareast-language:FR\"> en hygi\u00e8ne de vie globale<\/span><span style=\"font-size:12.0pt;font-family:&quot;Arial&quot;,sans-serif\"><\/span> <\/p>\n<\/div><\/div>\n<\/div>\n<\/div>\n<\/div><\/div>\n\n\n\n<div class=\"wp-block-media-text has-media-on-the-right is-stacked-on-mobile\" style=\"grid-template-columns:auto 35%\"><div class=\"wp-block-media-text__content\">\n<p>\ud83c\udf3f<span style=\"font-size:12.0pt;font-family:&quot;Arial&quot;,sans-serif\"><strong>Ateliers \u00ab\u00a0Bien-\u00eatre\u00a0\u00bb<\/strong> sur diff\u00e9rentes th\u00e9matiques li\u00e9es au bien-\u00eatre : pr\u00e9venir et anticiper les maux de l\u2019hiver, g\u00e9rer les douleurs articulaires, apprendre \u00e0 se lib\u00e9rer du sucre, les routines bien-\u00eatre du matin pour \u00eatre en forme toute la journ\u00e9e, etc\u2026 <\/span><\/p>\n\n\n\n<p> \ud83c\udf3f<span style=\"font-size:12.0pt;font-family:&quot;Arial&quot;,sans-serif\"><strong>Ateliers \u00ab\u00a0D\u00e9couverte\u00a0\u00bb <\/strong>pour s\u2019initier \u00e0 l\u2019utilisation des huiles essentielles, d\u00e9couvrir et savoir utiliser les Fleurs de Bach, d\u00e9couvrir les plantes et leurs usages, apprendre \u00e0 utiliser les hydrolats\u2026<\/span>  <\/p>\n\n\n\n<p>\ud83c\udf3f<span style=\"font-size:12.0pt;font-family:&quot;Arial&quot;,sans-serif\"><strong>Ateliers DIY<\/strong> pour fabriquer ses propres rem\u00e8des m\u00e9dicinaux pour retrouver sa s\u00e9r\u00e9nit\u00e9, sa sant\u00e9 et sa vitalit\u00e9.<\/span> <\/p>\n\n\n\n<p>\ud83c\udf3f<span style=\"font-size:12.0pt;font-family:&quot;Arial&quot;,sans-serif\"><span style=\"box-sizing: border-box;\noutline: 0px;text-size-adjust: 100%;max-width:100%\"><strong>Atelier Reconnexion<\/strong>  une exp\u00e9rience a<\/span>u c\u0153ur de la nature pour d\u00e9connecter et se relier \u00e0 l\u2019essentiel.<\/span> <\/p>\n<\/div><figure class=\"wp-block-media-text__media\"><img loading=\"lazy\" decoding=\"async\" width=\"1024\" height=\"576\" src=\"https:\/\/naturoterrehappy.fr\/wp-content\/uploads\/2022\/09\/sorciere-1024x576.png\" alt=\"\" class=\"wp-image-626 size-full\" srcset=\"https:\/\/naturoterrehappy.fr\/wp-content\/uploads\/2022\/09\/sorciere-1024x576.png 1024w, https:\/\/naturoterrehappy.fr\/wp-content\/uploads\/2022\/09\/sorciere-300x169.png 300w, https:\/\/naturoterrehappy.fr\/wp-content\/uploads\/2022\/09\/sorciere-768x432.png 768w, https:\/\/naturoterrehappy.fr\/wp-content\/uploads\/2022\/09\/sorciere-1536x864.png 1536w, https:\/\/naturoterrehappy.fr\/wp-content\/uploads\/2022\/09\/sorciere.png 1920w\" sizes=\"(max-width: 767px) 89vw, (max-width: 1000px) 54vw, (max-width: 1071px) 543px, 580px\" \/><\/figure><\/div>\n\n\n\n<p> <\/p>\n\n\n\n<p> <span style=\"font-size:12.0pt;font-family:&quot;Arial&quot;,sans-serif\">Des moments de transmissions et d\u2019exp\u00e9rimentation ludiques partag\u00e9s au sein de petits groupes (12 personnes maximum) pour un maximum de convivialit\u00e9,  de partage, d&rsquo;<span style=\"font-size:12.0pt;font-family:&quot;Arial&quot;,sans-serif\">\u00e9change important entre l\u2019intervenant et les collaborateurs ainsi que des conseils personnalis\u00e9s<\/span>. <\/span><\/p>\n\n\n\n<p><span style=\"font-size:12.0pt;font-family:&quot;Arial&quot;,sans-serif\"><span style=\"letter-spacing:\n.75pt\">Avec des th\u00e9matiques inspirantes qui <\/span>abordent les principaux piliers de la sant\u00e9, du bien-\u00eatre et du bonheur au travail : alimentation, activit\u00e9 physique, gestion du stress et des \u00e9motions, sommeil, respiration ou encore m\u00e9ditation de pleine conscience&#8230;<\/span> <\/p>\n\n\n\n<p><span style=\"font-size:12.0pt;font-family:\n&quot;Arial&quot;,sans-serif;color:black;mso-color-alt:windowtext;background:#EEEDEB\">Ces&nbsp;<\/span><strong style=\"box-sizing: border-box; outline: 0px; text-size-adjust: 100%;\"><span style=\"font-family:&quot;Arial&quot;,sans-serif;border:none windowtext 1.0pt;\nmso-border-alt:none windowtext 0cm;padding:0cm\">ateliers <\/span><\/strong>sont cr\u00e9es pour sensibiliser dirigeants et collaborateurs et transmettre les cl\u00e9s de la naturopathie&nbsp;<strong style=\"box-sizing: border-box; outline: 0px; text-size-adjust: 100%;\"><span style=\"font-family:&quot;Arial&quot;,sans-serif;border:none windowtext 1.0pt;\nmso-border-alt:none windowtext 0cm;padding:0cm\">pour optimiser notre sant\u00e9 et notre vitalit\u00e9<\/span><\/strong>.&nbsp;<span style=\"font-size:12.0pt;\nfont-family:&quot;Arial&quot;,sans-serif;background:#EEEDEB\"><\/span> <span style=\"font-size:12.0pt;font-family:&quot;Arial&quot;,sans-serif\">&nbsp;<\/span> <\/p>\n\n\n\n<p><span style=\"font-size:\n12.0pt;font-family:&quot;Arial&quot;,sans-serif\">Ces ateliers ludiques et participatifs sont donn\u00e9s sur le lieu de travail mais \u00e9galement directement dans la nature pour cr\u00e9er un temps d\u00e9di\u00e9 et propice au bien-\u00eatre et \u00e0 la sant\u00e9. Pour se relier \u00e0 son intuition, sa cr\u00e9ativit\u00e9, son potentiel.<\/span> <span style=\"font-size:12.0pt;font-family:&quot;Arial&quot;,sans-serif\">&nbsp;<\/span> <\/p>\n\n\n\n<p><span style=\"box-sizing: border-box;outline: 0px;text-size-adjust: 100%;\nmax-width:100%\"> <span style=\"font-size:12.0pt;font-family:&quot;Arial&quot;,sans-serif\">Les ateliers naturopathies s&rsquo;adressent \u00e0 tous types d&rsquo;entreprises, de l&rsquo;usine aux bureaux en passant par les startups ou les cabinets, les agences&#8230;<\/span> <span style=\"outline: 0px\"><span class=\"wixguard\"><span style=\"font-size:12.0pt;\nfont-family:&quot;Arial&quot;,sans-serif;border:none windowtext 1.0pt;mso-border-alt:\nnone windowtext 0cm;padding:0cm\">\u200b<\/span><\/span><\/span><span style=\"font-size:\n12.0pt;font-family:&quot;Arial&quot;,sans-serif\"><\/span> <span style=\"font-size:12.0pt;font-family:&quot;Arial&quot;,sans-serif\">&nbsp;<\/span><\/span><\/p>\n\n\n\n<p><span style=\"box-sizing: border-box;outline: 0px;text-size-adjust: 100%;\nmax-width:100%\"><span style=\"font-size:12.0pt;font-family:&quot;Arial&quot;,sans-serif\">Ces techniques impacteront positivement l&rsquo;entreprise pour des collaborateurs moins stress\u00e9s, plus performants, plus investis, plus \u00ab heureux \u00bb ! <\/span> <span style=\"font-size:12.0pt;font-family:&quot;Arial&quot;,sans-serif\">&nbsp;<\/span> <\/span> <span style=\"font-size:12.0pt;font-family:&quot;Arial&quot;,sans-serif\">&#8211;<\/span><\/p>\n\n\n\n<p><\/p>\n\n\n\n<p> <span style=\"font-size:12.0pt;font-family:&quot;Arial&quot;,sans-serif\">&nbsp;<\/span> L<span style=\"outline: 0px\"><span style=\"outline: 0px\"><span class=\"wixui-rich-texttext\"><span style=\"font-size:12.0pt;font-family:&quot;Arial&quot;,sans-serif;\nborder:none windowtext 1.0pt;mso-border-alt:none windowtext 0cm;padding:0cm\">es ateliers en entreprises sont d\u00e9finies&nbsp;<span style=\"outline: 0px\">sur mesure<\/span>&nbsp;en fonction de l\u2019entreprise dans laquelle j\u2019interviens, de&nbsp;<span style=\"outline: 0px\">vos besoins<\/span>, des&nbsp;<span style=\"outline: 0px\">envies des participants<\/span>&nbsp;mais aussi de&nbsp;<span style=\"outline: 0px\">la saisonnalit\u00e9<\/span>.<\/span><\/span><\/span><\/span><span style=\"font-size:12.0pt;font-family:&quot;Arial&quot;,sans-serif\"><\/span> <span style=\"outline: 0px\"><span style=\"outline: 0px\"><span class=\"wixguard\"><span style=\"outline: 0px\"><span style=\"font-size:12.0pt;font-family:&quot;Arial&quot;,sans-serif;\nborder:none windowtext 1.0pt;mso-border-alt:none windowtext 0cm;padding:0cm\">\u200b<\/span><\/span><\/span><\/span><\/span><span style=\"font-size:12.0pt;font-family:&quot;Arial&quot;,sans-serif\"><\/span> <span style=\"font-family: Arial, sans-serif; font-size: 12pt; color: rgb(var(--color_20)); white-space-collapse: collapse;\">&nbsp;<\/span><\/p>\n\n\n\n<p>N&rsquo;h\u00e9siter pas \u00e0 me contacter. <\/p>\n\n\n\n<p>Prenez soin de vous c&rsquo;est prendre soin de vos collaborateurs<\/p>\n\n\n\n<p>Virginie <img loading=\"lazy\" decoding=\"async\" width=\"87\" height=\"80\" class=\"wp-image-1476\" style=\"width: 20px;\" src=\"https:\/\/naturoterrehappy.fr\/wp-content\/uploads\/2025\/12\/emoji-plume.jpg\" alt=\"\"><\/p>\n","protected":false},"excerpt":{"rendered":"<div id=\"wp-socials\" style=\"margin-top:20px;margin-bottom:0px;\"><div id=\"wp-socials-general-btn\"><div id=\"wp-socials-plusone\">\r\n                <!-- Place this tag in your head or just before your close body tag. -->\r\n                <script src=\"https:\/\/apis.google.com\/js\/platform.js\" async defer>\r\n                  {lang: 'fr'}\r\n                <\/script>\r\n\r\n                <!-- Place this tag where you want the share button to render. -->\r\n                <div class=\"g-plus\" data-action=\"share\" data-annotation=\"inline\" data-height=\"58\" data-size=\"small\" data-href=\"https:\/\/naturoterrehappy.fr\/index.php\/la-naturopathie-au-sein-de-lentreprise\/\"><\/div><\/div><\/div><div style=\"clear:both\"><\/div><\/div><p>La demande grandissante de solutions pour plus de bien-\u00eatre au travail ouvre les portes de la naturopathie au sein des entreprises. Int\u00e9grer la naturopathie dans l&rsquo;environnement professionnel, c&rsquo;est prendre conscience que certains comportements et habitudes du quotidien peuvent am\u00e9liorer le mieux-\u00eatre global ainsi la qualit\u00e9 de vie au travail. \u00a0 La naturopathie en entreprise vise &hellip; <\/p>\n<p class=\"link-more\"><a href=\"https:\/\/naturoterrehappy.fr\/index.php\/la-naturopathie-au-sein-de-lentreprise\/\" class=\"more-link\">Continuer la lecture<span class=\"screen-reader-text\"> de &laquo;&nbsp;La naturopathie au sein de l&rsquo;entreprise&nbsp;&raquo;<\/span><\/a><\/p>\n","protected":false},"author":1,"featured_media":0,"parent":0,"menu_order":0,"comment_status":"closed","ping_status":"closed","template":"","meta":{"footnotes":""},"yoast_head":"<!-- This site is optimized with the Yoast SEO plugin v19.13 - https:\/\/yoast.com\/wordpress\/plugins\/seo\/ -->\n<title>La naturopathie au sein de l&#039;entreprise - Naturo Terre Happy<\/title>\n<meta name=\"robots\" content=\"index, follow, max-snippet:-1, max-image-preview:large, max-video-preview:-1\" \/>\n<link rel=\"canonical\" href=\"https:\/\/naturoterrehappy.fr\/index.php\/la-naturopathie-au-sein-de-lentreprise\/\" \/>\n<meta property=\"og:locale\" content=\"fr_FR\" \/>\n<meta property=\"og:type\" content=\"article\" \/>\n<meta property=\"og:title\" content=\"La naturopathie au sein de l&#039;entreprise - Naturo Terre Happy\" \/>\n<meta property=\"og:description\" content=\"La demande grandissante de solutions pour plus de bien-\u00eatre au travail ouvre les portes de la naturopathie au sein des entreprises. Int\u00e9grer la naturopathie dans l&rsquo;environnement professionnel, c&rsquo;est prendre conscience que certains comportements et habitudes du quotidien peuvent am\u00e9liorer le mieux-\u00eatre global ainsi la qualit\u00e9 de vie au travail. \u00a0 La naturopathie en entreprise vise &hellip; Continuer la lecture de &laquo;&nbsp;La naturopathie au sein de l&rsquo;entreprise&nbsp;&raquo;\" \/>\n<meta property=\"og:url\" content=\"https:\/\/naturoterrehappy.fr\/index.php\/la-naturopathie-au-sein-de-lentreprise\/\" \/>\n<meta property=\"og:site_name\" content=\"Naturo Terre Happy\" \/>\n<meta property=\"article:publisher\" content=\"https:\/\/www.facebook.com\/virginie.verel\" \/>\n<meta property=\"article:modified_time\" content=\"2026-01-05T14:59:58+00:00\" \/>\n<meta property=\"og:image\" content=\"https:\/\/naturoterrehappy.fr\/wp-content\/uploads\/2024\/01\/atelier-aromatherapie-comcom-falaise-du-talou--1024x472.jpg\" \/>\n<meta name=\"twitter:card\" content=\"summary_large_image\" \/>\n<meta name=\"twitter:label1\" content=\"Dur\u00e9e de lecture estim\u00e9e\" \/>\n\t<meta name=\"twitter:data1\" content=\"3 minutes\" \/>\n<script type=\"application\/ld+json\" class=\"yoast-schema-graph\">{\"@context\":\"https:\/\/schema.org\",\"@graph\":[{\"@type\":\"WebPage\",\"@id\":\"https:\/\/naturoterrehappy.fr\/index.php\/la-naturopathie-au-sein-de-lentreprise\/\",\"url\":\"https:\/\/naturoterrehappy.fr\/index.php\/la-naturopathie-au-sein-de-lentreprise\/\",\"name\":\"La naturopathie au sein de l'entreprise - Naturo Terre Happy\",\"isPartOf\":{\"@id\":\"https:\/\/naturoterrehappy.fr\/#website\"},\"datePublished\":\"2024-01-08T17:05:50+00:00\",\"dateModified\":\"2026-01-05T14:59:58+00:00\",\"breadcrumb\":{\"@id\":\"https:\/\/naturoterrehappy.fr\/index.php\/la-naturopathie-au-sein-de-lentreprise\/#breadcrumb\"},\"inLanguage\":\"fr-FR\",\"potentialAction\":[{\"@type\":\"ReadAction\",\"target\":[\"https:\/\/naturoterrehappy.fr\/index.php\/la-naturopathie-au-sein-de-lentreprise\/\"]}]},{\"@type\":\"BreadcrumbList\",\"@id\":\"https:\/\/naturoterrehappy.fr\/index.php\/la-naturopathie-au-sein-de-lentreprise\/#breadcrumb\",\"itemListElement\":[{\"@type\":\"ListItem\",\"position\":1,\"name\":\"Accueil\",\"item\":\"https:\/\/naturoterrehappy.fr\/\"},{\"@type\":\"ListItem\",\"position\":2,\"name\":\"La naturopathie au sein de l&rsquo;entreprise\"}]},{\"@type\":\"WebSite\",\"@id\":\"https:\/\/naturoterrehappy.fr\/#website\",\"url\":\"https:\/\/naturoterrehappy.fr\/\",\"name\":\"Naturo Terre Happy\",\"description\":\"Les cl\u00e9s de la sant\u00e9:  Respecter sa Nature profonde, Respecter la Nature gu\u00e9risseuse, Respecter le vivant et ces lois\",\"publisher\":{\"@id\":\"https:\/\/naturoterrehappy.fr\/#\/schema\/person\/8bf7540304db646eac9c6271483f14f5\"},\"potentialAction\":[{\"@type\":\"SearchAction\",\"target\":{\"@type\":\"EntryPoint\",\"urlTemplate\":\"https:\/\/naturoterrehappy.fr\/?s={search_term_string}\"},\"query-input\":\"required name=search_term_string\"}],\"inLanguage\":\"fr-FR\"},{\"@type\":[\"Person\",\"Organization\"],\"@id\":\"https:\/\/naturoterrehappy.fr\/#\/schema\/person\/8bf7540304db646eac9c6271483f14f5\",\"name\":\"admin8212\",\"image\":{\"@type\":\"ImageObject\",\"inLanguage\":\"fr-FR\",\"@id\":\"https:\/\/naturoterrehappy.fr\/#\/schema\/person\/image\/\",\"url\":\"https:\/\/secure.gravatar.com\/avatar\/8ea9e5229c1252336ff46e6df56d34ff?s=96&d=mm&r=g\",\"contentUrl\":\"https:\/\/secure.gravatar.com\/avatar\/8ea9e5229c1252336ff46e6df56d34ff?s=96&d=mm&r=g\",\"caption\":\"admin8212\"},\"logo\":{\"@id\":\"https:\/\/naturoterrehappy.fr\/#\/schema\/person\/image\/\"},\"sameAs\":[\"http:\/\/naturoterrehappy.fr\",\"https:\/\/www.facebook.com\/virginie.verel\",\"https:\/\/www.instagram.com\/virginieverel.naturoterrehappy\/\",\"https:\/\/www.linkedin.com\/in\/virginie-verel-a68254211\/\",\"https:\/\/www.pinterest.fr\/Naturoterrehappy\/\",\"https:\/\/www.youtube.com\/channel\/UC322SLWURYVRVehV1hT8ubw\"]}]}<\/script>\n<!-- \/ Yoast SEO plugin. -->","yoast_head_json":{"title":"La naturopathie au sein de l'entreprise - Naturo Terre Happy","robots":{"index":"index","follow":"follow","max-snippet":"max-snippet:-1","max-image-preview":"max-image-preview:large","max-video-preview":"max-video-preview:-1"},"canonical":"https:\/\/naturoterrehappy.fr\/index.php\/la-naturopathie-au-sein-de-lentreprise\/","og_locale":"fr_FR","og_type":"article","og_title":"La naturopathie au sein de l'entreprise - Naturo Terre Happy","og_description":"La demande grandissante de solutions pour plus de bien-\u00eatre au travail ouvre les portes de la naturopathie au sein des entreprises. Int\u00e9grer la naturopathie dans l&rsquo;environnement professionnel, c&rsquo;est prendre conscience que certains comportements et habitudes du quotidien peuvent am\u00e9liorer le mieux-\u00eatre global ainsi la qualit\u00e9 de vie au travail. \u00a0 La naturopathie en entreprise vise &hellip; Continuer la lecture de &laquo;&nbsp;La naturopathie au sein de l&rsquo;entreprise&nbsp;&raquo;","og_url":"https:\/\/naturoterrehappy.fr\/index.php\/la-naturopathie-au-sein-de-lentreprise\/","og_site_name":"Naturo Terre Happy","article_publisher":"https:\/\/www.facebook.com\/virginie.verel","article_modified_time":"2026-01-05T14:59:58+00:00","og_image":[{"url":"https:\/\/naturoterrehappy.fr\/wp-content\/uploads\/2024\/01\/atelier-aromatherapie-comcom-falaise-du-talou--1024x472.jpg"}],"twitter_card":"summary_large_image","twitter_misc":{"Dur\u00e9e de lecture estim\u00e9e":"3 minutes"},"schema":{"@context":"https:\/\/schema.org","@graph":[{"@type":"WebPage","@id":"https:\/\/naturoterrehappy.fr\/index.php\/la-naturopathie-au-sein-de-lentreprise\/","url":"https:\/\/naturoterrehappy.fr\/index.php\/la-naturopathie-au-sein-de-lentreprise\/","name":"La naturopathie au sein de l'entreprise - Naturo Terre Happy","isPartOf":{"@id":"https:\/\/naturoterrehappy.fr\/#website"},"datePublished":"2024-01-08T17:05:50+00:00","dateModified":"2026-01-05T14:59:58+00:00","breadcrumb":{"@id":"https:\/\/naturoterrehappy.fr\/index.php\/la-naturopathie-au-sein-de-lentreprise\/#breadcrumb"},"inLanguage":"fr-FR","potentialAction":[{"@type":"ReadAction","target":["https:\/\/naturoterrehappy.fr\/index.php\/la-naturopathie-au-sein-de-lentreprise\/"]}]},{"@type":"BreadcrumbList","@id":"https:\/\/naturoterrehappy.fr\/index.php\/la-naturopathie-au-sein-de-lentreprise\/#breadcrumb","itemListElement":[{"@type":"ListItem","position":1,"name":"Accueil","item":"https:\/\/naturoterrehappy.fr\/"},{"@type":"ListItem","position":2,"name":"La naturopathie au sein de l&rsquo;entreprise"}]},{"@type":"WebSite","@id":"https:\/\/naturoterrehappy.fr\/#website","url":"https:\/\/naturoterrehappy.fr\/","name":"Naturo Terre Happy","description":"Les cl\u00e9s de la sant\u00e9:  Respecter sa Nature profonde, Respecter la Nature gu\u00e9risseuse, Respecter le vivant et ces lois","publisher":{"@id":"https:\/\/naturoterrehappy.fr\/#\/schema\/person\/8bf7540304db646eac9c6271483f14f5"},"potentialAction":[{"@type":"SearchAction","target":{"@type":"EntryPoint","urlTemplate":"https:\/\/naturoterrehappy.fr\/?s={search_term_string}"},"query-input":"required name=search_term_string"}],"inLanguage":"fr-FR"},{"@type":["Person","Organization"],"@id":"https:\/\/naturoterrehappy.fr\/#\/schema\/person\/8bf7540304db646eac9c6271483f14f5","name":"admin8212","image":{"@type":"ImageObject","inLanguage":"fr-FR","@id":"https:\/\/naturoterrehappy.fr\/#\/schema\/person\/image\/","url":"https:\/\/secure.gravatar.com\/avatar\/8ea9e5229c1252336ff46e6df56d34ff?s=96&d=mm&r=g","contentUrl":"https:\/\/secure.gravatar.com\/avatar\/8ea9e5229c1252336ff46e6df56d34ff?s=96&d=mm&r=g","caption":"admin8212"},"logo":{"@id":"https:\/\/naturoterrehappy.fr\/#\/schema\/person\/image\/"},"sameAs":["http:\/\/naturoterrehappy.fr","https:\/\/www.facebook.com\/virginie.verel","https:\/\/www.instagram.com\/virginieverel.naturoterrehappy\/","https:\/\/www.linkedin.com\/in\/virginie-verel-a68254211\/","https:\/\/www.pinterest.fr\/Naturoterrehappy\/","https:\/\/www.youtube.com\/channel\/UC322SLWURYVRVehV1hT8ubw"]}]}},"_links":{"self":[{"href":"https:\/\/naturoterrehappy.fr\/index.php\/wp-json\/wp\/v2\/pages\/1211"}],"collection":[{"href":"https:\/\/naturoterrehappy.fr\/index.php\/wp-json\/wp\/v2\/pages"}],"about":[{"href":"https:\/\/naturoterrehappy.fr\/index.php\/wp-json\/wp\/v2\/types\/page"}],"author":[{"embeddable":true,"href":"https:\/\/naturoterrehappy.fr\/index.php\/wp-json\/wp\/v2\/users\/1"}],"replies":[{"embeddable":true,"href":"https:\/\/naturoterrehappy.fr\/index.php\/wp-json\/wp\/v2\/comments?post=1211"}],"version-history":[{"count":2,"href":"https:\/\/naturoterrehappy.fr\/index.php\/wp-json\/wp\/v2\/pages\/1211\/revisions"}],"predecessor-version":[{"id":1608,"href":"https:\/\/naturoterrehappy.fr\/index.php\/wp-json\/wp\/v2\/pages\/1211\/revisions\/1608"}],"wp:attachment":[{"href":"https:\/\/naturoterrehappy.fr\/index.php\/wp-json\/wp\/v2\/media?parent=1211"}],"curies":[{"name":"wp","href":"https:\/\/api.w.org\/{rel}","templated":true}]}}