{"id":1468,"date":"2025-12-16T15:04:13","date_gmt":"2025-12-16T14:04:13","guid":{"rendered":"https:\/\/naturoterrehappy.fr\/?page_id=1468"},"modified":"2025-12-16T17:41:23","modified_gmt":"2025-12-16T16:41:23","slug":"energetique","status":"publish","type":"page","link":"https:\/\/naturoterrehappy.fr\/index.php\/energetique\/","title":{"rendered":"SOINS ENERGETIQUES"},"content":{"rendered":"<div id=\"wp-socials\" style=\"margin-top:20px;margin-bottom:0px;\"><div id=\"wp-socials-general-btn\"><div id=\"wp-socials-plusone\">\r\n                <!-- Place this tag in your head or just before your close body tag. -->\r\n                <script src=\"https:\/\/apis.google.com\/js\/platform.js\" async defer>\r\n                  {lang: 'fr'}\r\n                <\/script>\r\n\r\n                <!-- Place this tag where you want the share button to render. -->\r\n                <div class=\"g-plus\" data-action=\"share\" data-annotation=\"inline\" data-height=\"58\" data-size=\"small\" data-href=\"https:\/\/naturoterrehappy.fr\/index.php\/energetique\/\"><\/div><\/div><\/div><div style=\"clear:both\"><\/div><\/div>\n<h2 class=\"wp-block-heading has-text-align-center\"><strong><mark style=\"background-color:rgba(0, 0, 0, 0);color:#697162\" class=\"has-inline-color\">MON APPROCHE ENERGETIQUE<\/mark><\/strong><\/h2>\n\n\n\n<p>Je suis form\u00e9e \u00e0 plusieurs techniques \u00e9nerg\u00e9tiques et je propose des soins \u00e9nerg\u00e9tiques  unique, inspir\u00e9s par l\u2019intuition, le vivant et les liens subtils qui nous traversent.<\/p>\n\n\n<div class=\"wp-block-image is-style-rounded\">\n<figure class=\"aligncenter size-full is-resized\"><img loading=\"lazy\" decoding=\"async\" width=\"700\" height=\"700\" src=\"https:\/\/naturoterrehappy.fr\/wp-content\/uploads\/2021\/09\/reiki.jpg\" alt=\"\" class=\"wp-image-342\" style=\"width:322px;height:auto\" srcset=\"https:\/\/naturoterrehappy.fr\/wp-content\/uploads\/2021\/09\/reiki.jpg 700w, https:\/\/naturoterrehappy.fr\/wp-content\/uploads\/2021\/09\/reiki-300x300.jpg 300w, https:\/\/naturoterrehappy.fr\/wp-content\/uploads\/2021\/09\/reiki-150x150.jpg 150w, https:\/\/naturoterrehappy.fr\/wp-content\/uploads\/2021\/09\/reiki-100x100.jpg 100w\" sizes=\"(max-width: 700px) 100vw, 700px\" \/><\/figure><\/div>\n\n\n<h2 class=\"wp-block-heading has-text-align-center\"><strong><mark style=\"background-color:rgba(0, 0, 0, 0);color:#8d4065\" class=\"has-inline-color\"> Le Reiki : Harmonie et Energie<\/mark><\/strong><\/h2>\n\n\n\n<p>Le <strong>Reiki<\/strong> est une m\u00e9thode \u00e9nerg\u00e9tique japonaise fond\u00e9e par Mikao Usui. C\u2019est un art de soigner qui permet d\u2019atteindre <strong>l\u2019harmonie et la tranquillit\u00e9 int\u00e9rieure<\/strong> en lib\u00e9rant et d\u00e9bloquant le potentiel de l\u2019\u00e9nergie vitale.<\/p>\n\n\n\n<p>Lors d\u2019un soin, je me connecte \u00e0 l\u2019<strong>\u00e9nergie universelle Reiki<\/strong>, que je canalise \u00e0 travers mes mains pour <strong>relier chacun \u00e0 sa propre source de gu\u00e9rison<\/strong>. Cette \u00e9nergie circule naturellement l\u00e0 o\u00f9 votre corps et votre \u00e2me en ont besoin, activant vos <strong>processus naturels de r\u00e9g\u00e9n\u00e9ration<\/strong>.<\/p>\n\n\n\n<p>Le soin se pratique <strong>habill\u00e9 et allong\u00e9 sur une table<\/strong>, accompagn\u00e9 d\u2019une musique douce. Mes mains deviennent des canaux par lesquels l\u2019\u00e9nergie circule, r\u00e9\u00e9quilibrant vos <strong>corps physique, \u00e9motionnel, mental et \u00e9nerg\u00e9tique<\/strong>, et aidant \u00e0 lever les blocages qui se trouvent en vous.<\/p>\n\n\n\n<p>Chaque s\u00e9ance dure <strong>environ 1h \u00e0 1h15<\/strong>. Pendant ce temps, je reste concentr\u00e9e et silencieuse, enti\u00e8rement \u00e0 l\u2019\u00e9coute de vos besoins et ressentis. Vous \u00eates libre de partager ce que vous souhaitez, vos \u00e9motions ou vos ressentis, et nous \u00e9changerons \u00e0 la fin du soin pour r\u00e9pondre \u00e0 vos questions et impressions.<\/p>\n\n\n\n<p>En r\u00e9sum\u00e9, le Reiki :<\/p>\n\n\n\n<ul>\n<li>active votre \u00e9nergie vitale et vos capacit\u00e9s d\u2019auto-gu\u00e9rison,<\/li>\n\n\n\n<li>se pratique au travers des mains du praticien, sans intention personnelle,<\/li>\n\n\n\n<li>respecte un protocole doux et structur\u00e9, tout en s\u2019adaptant \u00e0 vos besoins,<\/li>\n\n\n\n<li>apporte un moment de <strong>d\u00e9tente profonde et de connexion \u00e0 soi<\/strong>.<\/li>\n<\/ul>\n\n\n\n<hr class=\"wp-block-separator has-alpha-channel-opacity\"\/>\n\n\n\n<h2 class=\"wp-block-heading has-text-align-center\"> <mark style=\"background-color:rgba(0, 0, 0, 0);color:#8d4065\" class=\"has-inline-color\"><strong>Les soins \u00e9nerg\u00e9tiques : un champ beaucoup plus vaste<\/strong><\/mark><\/h2>\n\n\n\n<p>Les <strong>soins \u00e9nerg\u00e9tiques<\/strong> regroupent <strong>toutes les pratiques qui agissent sur les corps subtils<\/strong> et le champ \u00e9nerg\u00e9tique.<\/p>\n\n\n\n<p>Ils peuvent inclure :<\/p>\n\n\n\n<ul>\n<li>le Reiki,<\/li>\n\n\n\n<li>le magn\u00e9tisme,<\/li>\n\n\n\n<li>le travail intuitif,<\/li>\n\n\n\n<li>les soins chamaniques,<\/li>\n\n\n\n<li>le travail avec les chakras, les corps subtils, les m\u00e9moires,<\/li>\n\n\n\n<li>les soins vibratoires, quantiques, spirituels, etc.<\/li>\n<\/ul>\n\n\n\n<h3 class=\"wp-block-heading\">Dans mes soins \u00e9nerg\u00e9tiques :<\/h3>\n\n\n\n<ul>\n<li>j&rsquo;<strong>utiliser son ressenti<\/strong>, mon intuition, mes perceptions,<\/li>\n\n\n\n<li>je <strong>diriger l\u2019\u00e9nergie<\/strong> pour nettoyer, r\u00e9\u00e9quilibrer, harmoniser,<\/li>\n\n\n\n<li>je peut travailler avec des intentions, des symboles personnels, des guides, des \u00e9l\u00e9ments, des plantes, des sons\u2026<\/li>\n<\/ul>\n\n\n\n<p>Je suis \u00a0\u00bb<strong>acteur et co-cr\u00e9ateur\u00a0\u00bb du soin<\/strong>.<\/p>\n\n\n\n<p class=\"has-text-align-center\"> <mark style=\"background-color:rgba(0, 0, 0, 0);color:#8d4065\" class=\"has-inline-color\"><strong>Ma vision et mon approche dans mes soins \u00e9nerg\u00e9tiques <\/strong><\/mark><\/p>\n\n\n\n<p>Imaginez votre \u00e9nergie comme <strong>une for\u00eat vivante<\/strong>, o\u00f9 chaque arbre et chaque ruisseau repr\u00e9sente une partie de vous.<\/p>\n\n\n\n<p>Le <strong>Reiki<\/strong> agit comme un <strong>sentier principal<\/strong> dans cette for\u00eat : il est trac\u00e9, s\u00fbr et structur\u00e9. L\u2019\u00e9nergie circule naturellement l\u00e0 o\u00f9 elle est n\u00e9cessaire, apportant <strong>d\u00e9tente, \u00e9quilibre et harmonisation<\/strong>, sans que le praticien ait besoin de la diriger.<\/p>\n\n\n\n<p>Les <strong>soins \u00e9nerg\u00e9tiques intuitifs<\/strong> permettent une <strong>exploration plus libre<\/strong> : je me connecte \u00e0 votre \u00e9nergie, je rep\u00e8re les blocages et je guide la circulation de l\u2019\u00e9nergie pour r\u00e9\u00e9quilibrer vos <strong>corps physique, \u00e9motionnel, mental et \u00e9nerg\u00e9tique<\/strong>.<\/p>\n\n\n\n<p>En combinant ces deux approches, je propose un soin qui <strong>ancre et s\u00e9curise<\/strong>, tout en <strong>s\u2019adaptant \u00e0 vos besoins uniques<\/strong>, pour vous aider \u00e0 retrouver votre <strong>\u00e9quilibre et vos ressources int\u00e9rieures<\/strong>.<\/p>\n","protected":false},"excerpt":{"rendered":"<div id=\"wp-socials\" style=\"margin-top:20px;margin-bottom:0px;\"><div id=\"wp-socials-general-btn\"><div id=\"wp-socials-plusone\">\r\n                <!-- Place this tag in your head or just before your close body tag. -->\r\n                <script src=\"https:\/\/apis.google.com\/js\/platform.js\" async defer>\r\n                  {lang: 'fr'}\r\n                <\/script>\r\n\r\n                <!-- Place this tag where you want the share button to render. -->\r\n                <div class=\"g-plus\" data-action=\"share\" data-annotation=\"inline\" data-height=\"58\" data-size=\"small\" data-href=\"https:\/\/naturoterrehappy.fr\/index.php\/energetique\/\"><\/div><\/div><\/div><div style=\"clear:both\"><\/div><\/div><p>MON APPROCHE ENERGETIQUE Je suis form\u00e9e \u00e0 plusieurs techniques \u00e9nerg\u00e9tiques et je propose des soins \u00e9nerg\u00e9tiques unique, inspir\u00e9s par l\u2019intuition, le vivant et les liens subtils qui nous traversent. Le Reiki : Harmonie et Energie Le Reiki est une m\u00e9thode \u00e9nerg\u00e9tique japonaise fond\u00e9e par Mikao Usui. C\u2019est un art de soigner qui permet d\u2019atteindre l\u2019harmonie &hellip; <\/p>\n<p class=\"link-more\"><a href=\"https:\/\/naturoterrehappy.fr\/index.php\/energetique\/\" class=\"more-link\">Continuer la lecture<span class=\"screen-reader-text\"> de &laquo;&nbsp;SOINS ENERGETIQUES&nbsp;&raquo;<\/span><\/a><\/p>\n","protected":false},"author":1,"featured_media":0,"parent":0,"menu_order":0,"comment_status":"closed","ping_status":"closed","template":"","meta":{"footnotes":""},"yoast_head":"<!-- This site is optimized with the Yoast SEO plugin v19.13 - https:\/\/yoast.com\/wordpress\/plugins\/seo\/ -->\n<title>SOINS ENERGETIQUES - Naturo Terre Happy<\/title>\n<meta name=\"robots\" content=\"index, follow, max-snippet:-1, max-image-preview:large, max-video-preview:-1\" \/>\n<link rel=\"canonical\" href=\"https:\/\/naturoterrehappy.fr\/index.php\/energetique\/\" \/>\n<meta property=\"og:locale\" content=\"fr_FR\" \/>\n<meta property=\"og:type\" content=\"article\" \/>\n<meta property=\"og:title\" content=\"SOINS ENERGETIQUES - Naturo Terre Happy\" \/>\n<meta property=\"og:description\" content=\"MON APPROCHE ENERGETIQUE Je suis form\u00e9e \u00e0 plusieurs techniques \u00e9nerg\u00e9tiques et je propose des soins \u00e9nerg\u00e9tiques unique, inspir\u00e9s par l\u2019intuition, le vivant et les liens subtils qui nous traversent. Le Reiki : Harmonie et Energie Le Reiki est une m\u00e9thode \u00e9nerg\u00e9tique japonaise fond\u00e9e par Mikao Usui. C\u2019est un art de soigner qui permet d\u2019atteindre l\u2019harmonie &hellip; Continuer la lecture de &laquo;&nbsp;SOINS ENERGETIQUES&nbsp;&raquo;\" \/>\n<meta property=\"og:url\" content=\"https:\/\/naturoterrehappy.fr\/index.php\/energetique\/\" \/>\n<meta property=\"og:site_name\" content=\"Naturo Terre Happy\" \/>\n<meta property=\"article:publisher\" content=\"https:\/\/www.facebook.com\/virginie.verel\" \/>\n<meta property=\"article:modified_time\" content=\"2025-12-16T16:41:23+00:00\" \/>\n<meta property=\"og:image\" content=\"https:\/\/naturoterrehappy.fr\/wp-content\/uploads\/2021\/09\/reiki.jpg\" \/>\n<meta name=\"twitter:card\" content=\"summary_large_image\" \/>\n<meta name=\"twitter:label1\" content=\"Dur\u00e9e de lecture estim\u00e9e\" \/>\n\t<meta name=\"twitter:data1\" content=\"3 minutes\" \/>\n<script type=\"application\/ld+json\" class=\"yoast-schema-graph\">{\"@context\":\"https:\/\/schema.org\",\"@graph\":[{\"@type\":\"WebPage\",\"@id\":\"https:\/\/naturoterrehappy.fr\/index.php\/energetique\/\",\"url\":\"https:\/\/naturoterrehappy.fr\/index.php\/energetique\/\",\"name\":\"SOINS ENERGETIQUES - Naturo Terre Happy\",\"isPartOf\":{\"@id\":\"https:\/\/naturoterrehappy.fr\/#website\"},\"datePublished\":\"2025-12-16T14:04:13+00:00\",\"dateModified\":\"2025-12-16T16:41:23+00:00\",\"breadcrumb\":{\"@id\":\"https:\/\/naturoterrehappy.fr\/index.php\/energetique\/#breadcrumb\"},\"inLanguage\":\"fr-FR\",\"potentialAction\":[{\"@type\":\"ReadAction\",\"target\":[\"https:\/\/naturoterrehappy.fr\/index.php\/energetique\/\"]}]},{\"@type\":\"BreadcrumbList\",\"@id\":\"https:\/\/naturoterrehappy.fr\/index.php\/energetique\/#breadcrumb\",\"itemListElement\":[{\"@type\":\"ListItem\",\"position\":1,\"name\":\"Accueil\",\"item\":\"https:\/\/naturoterrehappy.fr\/\"},{\"@type\":\"ListItem\",\"position\":2,\"name\":\"SOINS ENERGETIQUES\"}]},{\"@type\":\"WebSite\",\"@id\":\"https:\/\/naturoterrehappy.fr\/#website\",\"url\":\"https:\/\/naturoterrehappy.fr\/\",\"name\":\"Naturo Terre Happy\",\"description\":\"Les cl\u00e9s de la sant\u00e9:  Respecter sa Nature profonde, Respecter la Nature gu\u00e9risseuse, Respecter le vivant et ces lois\",\"publisher\":{\"@id\":\"https:\/\/naturoterrehappy.fr\/#\/schema\/person\/8bf7540304db646eac9c6271483f14f5\"},\"potentialAction\":[{\"@type\":\"SearchAction\",\"target\":{\"@type\":\"EntryPoint\",\"urlTemplate\":\"https:\/\/naturoterrehappy.fr\/?s={search_term_string}\"},\"query-input\":\"required name=search_term_string\"}],\"inLanguage\":\"fr-FR\"},{\"@type\":[\"Person\",\"Organization\"],\"@id\":\"https:\/\/naturoterrehappy.fr\/#\/schema\/person\/8bf7540304db646eac9c6271483f14f5\",\"name\":\"admin8212\",\"image\":{\"@type\":\"ImageObject\",\"inLanguage\":\"fr-FR\",\"@id\":\"https:\/\/naturoterrehappy.fr\/#\/schema\/person\/image\/\",\"url\":\"https:\/\/secure.gravatar.com\/avatar\/8ea9e5229c1252336ff46e6df56d34ff?s=96&d=mm&r=g\",\"contentUrl\":\"https:\/\/secure.gravatar.com\/avatar\/8ea9e5229c1252336ff46e6df56d34ff?s=96&d=mm&r=g\",\"caption\":\"admin8212\"},\"logo\":{\"@id\":\"https:\/\/naturoterrehappy.fr\/#\/schema\/person\/image\/\"},\"sameAs\":[\"http:\/\/naturoterrehappy.fr\",\"https:\/\/www.facebook.com\/virginie.verel\",\"https:\/\/www.instagram.com\/virginieverel.naturoterrehappy\/\",\"https:\/\/www.linkedin.com\/in\/virginie-verel-a68254211\/\",\"https:\/\/www.pinterest.fr\/Naturoterrehappy\/\",\"https:\/\/www.youtube.com\/channel\/UC322SLWURYVRVehV1hT8ubw\"]}]}<\/script>\n<!-- \/ Yoast SEO plugin. -->","yoast_head_json":{"title":"SOINS ENERGETIQUES - Naturo Terre Happy","robots":{"index":"index","follow":"follow","max-snippet":"max-snippet:-1","max-image-preview":"max-image-preview:large","max-video-preview":"max-video-preview:-1"},"canonical":"https:\/\/naturoterrehappy.fr\/index.php\/energetique\/","og_locale":"fr_FR","og_type":"article","og_title":"SOINS ENERGETIQUES - Naturo Terre Happy","og_description":"MON APPROCHE ENERGETIQUE Je suis form\u00e9e \u00e0 plusieurs techniques \u00e9nerg\u00e9tiques et je propose des soins \u00e9nerg\u00e9tiques unique, inspir\u00e9s par l\u2019intuition, le vivant et les liens subtils qui nous traversent. Le Reiki : Harmonie et Energie Le Reiki est une m\u00e9thode \u00e9nerg\u00e9tique japonaise fond\u00e9e par Mikao Usui. C\u2019est un art de soigner qui permet d\u2019atteindre l\u2019harmonie &hellip; Continuer la lecture de &laquo;&nbsp;SOINS ENERGETIQUES&nbsp;&raquo;","og_url":"https:\/\/naturoterrehappy.fr\/index.php\/energetique\/","og_site_name":"Naturo Terre Happy","article_publisher":"https:\/\/www.facebook.com\/virginie.verel","article_modified_time":"2025-12-16T16:41:23+00:00","og_image":[{"url":"https:\/\/naturoterrehappy.fr\/wp-content\/uploads\/2021\/09\/reiki.jpg"}],"twitter_card":"summary_large_image","twitter_misc":{"Dur\u00e9e de lecture estim\u00e9e":"3 minutes"},"schema":{"@context":"https:\/\/schema.org","@graph":[{"@type":"WebPage","@id":"https:\/\/naturoterrehappy.fr\/index.php\/energetique\/","url":"https:\/\/naturoterrehappy.fr\/index.php\/energetique\/","name":"SOINS ENERGETIQUES - Naturo Terre Happy","isPartOf":{"@id":"https:\/\/naturoterrehappy.fr\/#website"},"datePublished":"2025-12-16T14:04:13+00:00","dateModified":"2025-12-16T16:41:23+00:00","breadcrumb":{"@id":"https:\/\/naturoterrehappy.fr\/index.php\/energetique\/#breadcrumb"},"inLanguage":"fr-FR","potentialAction":[{"@type":"ReadAction","target":["https:\/\/naturoterrehappy.fr\/index.php\/energetique\/"]}]},{"@type":"BreadcrumbList","@id":"https:\/\/naturoterrehappy.fr\/index.php\/energetique\/#breadcrumb","itemListElement":[{"@type":"ListItem","position":1,"name":"Accueil","item":"https:\/\/naturoterrehappy.fr\/"},{"@type":"ListItem","position":2,"name":"SOINS ENERGETIQUES"}]},{"@type":"WebSite","@id":"https:\/\/naturoterrehappy.fr\/#website","url":"https:\/\/naturoterrehappy.fr\/","name":"Naturo Terre Happy","description":"Les cl\u00e9s de la sant\u00e9:  Respecter sa Nature profonde, Respecter la Nature gu\u00e9risseuse, Respecter le vivant et ces lois","publisher":{"@id":"https:\/\/naturoterrehappy.fr\/#\/schema\/person\/8bf7540304db646eac9c6271483f14f5"},"potentialAction":[{"@type":"SearchAction","target":{"@type":"EntryPoint","urlTemplate":"https:\/\/naturoterrehappy.fr\/?s={search_term_string}"},"query-input":"required name=search_term_string"}],"inLanguage":"fr-FR"},{"@type":["Person","Organization"],"@id":"https:\/\/naturoterrehappy.fr\/#\/schema\/person\/8bf7540304db646eac9c6271483f14f5","name":"admin8212","image":{"@type":"ImageObject","inLanguage":"fr-FR","@id":"https:\/\/naturoterrehappy.fr\/#\/schema\/person\/image\/","url":"https:\/\/secure.gravatar.com\/avatar\/8ea9e5229c1252336ff46e6df56d34ff?s=96&d=mm&r=g","contentUrl":"https:\/\/secure.gravatar.com\/avatar\/8ea9e5229c1252336ff46e6df56d34ff?s=96&d=mm&r=g","caption":"admin8212"},"logo":{"@id":"https:\/\/naturoterrehappy.fr\/#\/schema\/person\/image\/"},"sameAs":["http:\/\/naturoterrehappy.fr","https:\/\/www.facebook.com\/virginie.verel","https:\/\/www.instagram.com\/virginieverel.naturoterrehappy\/","https:\/\/www.linkedin.com\/in\/virginie-verel-a68254211\/","https:\/\/www.pinterest.fr\/Naturoterrehappy\/","https:\/\/www.youtube.com\/channel\/UC322SLWURYVRVehV1hT8ubw"]}]}},"_links":{"self":[{"href":"https:\/\/naturoterrehappy.fr\/index.php\/wp-json\/wp\/v2\/pages\/1468"}],"collection":[{"href":"https:\/\/naturoterrehappy.fr\/index.php\/wp-json\/wp\/v2\/pages"}],"about":[{"href":"https:\/\/naturoterrehappy.fr\/index.php\/wp-json\/wp\/v2\/types\/page"}],"author":[{"embeddable":true,"href":"https:\/\/naturoterrehappy.fr\/index.php\/wp-json\/wp\/v2\/users\/1"}],"replies":[{"embeddable":true,"href":"https:\/\/naturoterrehappy.fr\/index.php\/wp-json\/wp\/v2\/comments?post=1468"}],"version-history":[{"count":3,"href":"https:\/\/naturoterrehappy.fr\/index.php\/wp-json\/wp\/v2\/pages\/1468\/revisions"}],"predecessor-version":[{"id":1486,"href":"https:\/\/naturoterrehappy.fr\/index.php\/wp-json\/wp\/v2\/pages\/1468\/revisions\/1486"}],"wp:attachment":[{"href":"https:\/\/naturoterrehappy.fr\/index.php\/wp-json\/wp\/v2\/media?parent=1468"}],"curies":[{"name":"wp","href":"https:\/\/api.w.org\/{rel}","templated":true}]}}